CRAN Package Check Results for Package ViewPipeSteps

Last updated on 2024-05-23 11:49:44 CEST.

Flavor Version Tinstall Tcheck Ttotal Status Flags
r-devel-linux-x86_64-debian-clang 0.1.0 1.72 23.22 24.94 OK
r-devel-linux-x86_64-debian-gcc 0.1.0 1.92 17.82 19.74 OK
r-devel-linux-x86_64-fedora-clang 0.1.0 33.11 NOTE
r-devel-linux-x86_64-fedora-gcc 0.1.0 30.84 NOTE
r-devel-windows-x86_64 0.1.0 3.00 41.00 44.00 OK
r-patched-linux-x86_64 0.1.0 2.46 23.24 25.70 OK
r-release-linux-x86_64 0.1.0 2.42 22.33 24.75 OK
r-release-macos-arm64 0.1.0 15.00 OK
r-release-windows-x86_64 0.1.0 4.00 41.00 45.00 OK
r-oldrel-macos-arm64 0.1.0 16.00 OK
r-oldrel-macos-x86_64 0.1.0 20.00 OK
r-oldrel-windows-x86_64 0.1.0 3.00 42.00 45.00 OK

Check Details

Version: 0.1.0
Check: dependencies in R code
Result: NOTE Namespace in Imports field not imported from: ‘dplyr’ All declared Imports should be used. Flavors: r-devel-linux-x86_64-fedora-clang, r-devel-linux-x86_64-fedora-gcc