CRAN Package Check Results for Package UnifiedDoseFinding

Last updated on 2021-04-20 05:47:54 CEST.

Flavor Version Tinstall Tcheck Ttotal Status Flags
r-devel-linux-x86_64-debian-clang 0.1.7 4.75 45.98 50.73 NOTE
r-devel-linux-x86_64-debian-gcc 0.1.7 3.76 34.05 37.81 NOTE
r-devel-linux-x86_64-fedora-clang 0.1.7 69.14 NOTE
r-devel-linux-x86_64-fedora-gcc 0.1.7 59.54 NOTE
r-devel-windows-ix86+x86_64 0.1.7 8.00 64.00 72.00 NOTE
r-devel-windows-x86_64-gcc10-UCRT 0.1.7 NOTE
r-patched-linux-x86_64 0.1.7 4.14 43.55 47.69 OK
r-patched-solaris-x86 0.1.7 77.80 OK
r-release-linux-x86_64 0.1.7 4.60 43.13 47.73 OK
r-release-macos-x86_64 0.1.7 OK
r-release-windows-ix86+x86_64 0.1.7 7.00 58.00 65.00 OK
r-oldrel-macos-x86_64 0.1.7 OK
r-oldrel-windows-ix86+x86_64 0.1.7 8.00 52.00 60.00 OK

Check Details

Version: 0.1.7
Check: LazyData
Result: NOTE
     'LazyData' is specified without a 'data' directory
Flavors: r-devel-linux-x86_64-debian-clang, r-devel-linux-x86_64-debian-gcc, r-devel-linux-x86_64-fedora-clang, r-devel-linux-x86_64-fedora-gcc, r-devel-windows-ix86+x86_64, r-devel-windows-x86_64-gcc10-UCRT