CRAN Package Check Results for Package UCSCXenaShiny

Last updated on 2021-05-10 17:47:16 CEST.

Flavor Version Tinstall Tcheck Ttotal Status Flags
r-devel-linux-x86_64-debian-clang 0.5.0 7.25 59.23 66.48 OK
r-devel-linux-x86_64-debian-gcc 0.5.0 5.82 44.60 50.42 OK
r-devel-linux-x86_64-fedora-clang 0.5.0 92.08 NOTE
r-devel-linux-x86_64-fedora-gcc 0.5.0 75.89 NOTE
r-devel-windows-ix86+x86_64 0.5.0 22.00 74.00 96.00 OK
r-devel-windows-x86_64-gcc10-UCRT 0.5.0 NOTE
r-patched-linux-x86_64 0.5.0 7.73 55.34 63.07 OK
r-patched-solaris-x86 0.5.0 130.70 NOTE
r-release-linux-x86_64 0.5.0 6.67 55.64 62.31 OK
r-release-macos-x86_64 0.5.0 NOTE
r-release-windows-ix86+x86_64 0.5.0 17.00 61.00 78.00 OK
r-oldrel-macos-x86_64 0.5.0 NOTE
r-oldrel-windows-ix86+x86_64 0.5.0 15.00 78.00 93.00 OK

Check Details

Version: 0.5.0
Check: dependencies in R code
Result: NOTE
    Namespaces in Imports field not imported from:
     ‘DT’ ‘RColorBrewer’ ‘plotly’ ‘shinyBS’ ‘shinyWidgets’ ‘shinyjs’
     ‘shinythemes’ ‘zip’
     All declared Imports should be used.
Flavors: r-devel-linux-x86_64-fedora-clang, r-devel-linux-x86_64-fedora-gcc, r-devel-windows-x86_64-gcc10-UCRT, r-patched-solaris-x86, r-release-macos-x86_64, r-oldrel-macos-x86_64

Version: 0.5.0
Check: data for non-ASCII characters
Result: NOTE
     Note: found 162 marked UTF-8 strings
Flavors: r-devel-linux-x86_64-fedora-clang, r-devel-linux-x86_64-fedora-gcc, r-devel-windows-x86_64-gcc10-UCRT, r-patched-solaris-x86, r-release-macos-x86_64, r-oldrel-macos-x86_64