CRAN Package Check Results for Package TwoArmSurvSim

Last updated on 2021-04-20 05:47:54 CEST.

Flavor Version Tinstall Tcheck Ttotal Status Flags
r-devel-linux-x86_64-debian-clang 0.2 10.79 97.77 108.56 NOTE
r-devel-linux-x86_64-debian-gcc 0.2 9.15 72.54 81.69 NOTE
r-devel-linux-x86_64-fedora-clang 0.2 138.27 NOTE
r-devel-linux-x86_64-fedora-gcc 0.2 125.79 NOTE
r-devel-windows-ix86+x86_64 0.2 17.00 83.00 100.00 NOTE
r-devel-windows-x86_64-gcc10-UCRT 0.2 NOTE
r-patched-linux-x86_64 0.2 11.78 88.23 100.01 OK
r-patched-solaris-x86 0.2 174.20 OK
r-release-linux-x86_64 0.2 10.79 88.67 99.46 OK
r-release-macos-x86_64 0.2 OK
r-release-windows-ix86+x86_64 0.2 24.00 115.00 139.00 OK
r-oldrel-macos-x86_64 0.2 ERROR

Check Details

Version: 0.2
Check: LazyData
Result: NOTE
     'LazyData' is specified without a 'data' directory
Flavors: r-devel-linux-x86_64-debian-clang, r-devel-linux-x86_64-debian-gcc, r-devel-linux-x86_64-fedora-clang, r-devel-linux-x86_64-fedora-gcc, r-devel-windows-ix86+x86_64, r-devel-windows-x86_64-gcc10-UCRT

Version: 0.2
Check: whether package can be installed
Result: ERROR
    Installation failed.
Flavor: r-oldrel-macos-x86_64