CRAN Package Check Results for Package TreeDiagram

Last updated on 2021-04-21 05:48:55 CEST.

Flavor Version Tinstall Tcheck Ttotal Status Flags
r-devel-linux-x86_64-debian-clang 0.1.1 5.85 57.32 63.17 OK
r-devel-linux-x86_64-debian-gcc 0.1.1 3.66 42.90 46.56 OK
r-devel-linux-x86_64-fedora-clang 0.1.1 85.30 NOTE
r-devel-linux-x86_64-fedora-gcc 0.1.1 73.87 NOTE
r-devel-windows-ix86+x86_64 0.1.1 12.00 56.00 68.00 OK
r-devel-windows-x86_64-gcc10-UCRT 0.1.1 NOTE
r-patched-linux-x86_64 0.1.1 5.91 52.96 58.87 OK
r-patched-solaris-x86 0.1.1 108.50 NOTE
r-release-linux-x86_64 0.1.1 5.52 52.93 58.45 OK
r-release-macos-x86_64 0.1.1 NOTE
r-release-windows-ix86+x86_64 0.1.1 15.00 64.00 79.00 OK
r-oldrel-macos-x86_64 0.1.1 NOTE
r-oldrel-windows-ix86+x86_64 0.1.1 16.00 76.00 92.00 OK

Check Details

Version: 0.1.1
Check: dependencies in R code
Result: NOTE
    Namespace in Imports field not imported from: ‘tree’
     All declared Imports should be used.
Flavors: r-devel-linux-x86_64-fedora-clang, r-devel-linux-x86_64-fedora-gcc, r-devel-windows-x86_64-gcc10-UCRT, r-patched-solaris-x86, r-release-macos-x86_64, r-oldrel-macos-x86_64