CRAN Package Check Results for Package TestDesign

Last updated on 2021-05-18 17:48:28 CEST.

Flavor Version Tinstall Tcheck Ttotal Status Flags
r-devel-linux-x86_64-debian-clang 1.2.2 93.23 223.49 316.72 NOTE
r-devel-linux-x86_64-debian-gcc 1.2.2 65.62 171.30 236.92 NOTE
r-devel-linux-x86_64-fedora-clang 1.2.2 415.82 NOTE
r-devel-linux-x86_64-fedora-gcc 1.2.2 396.65 NOTE
r-devel-windows-ix86+x86_64 1.2.2 231.00 475.00 706.00 NOTE
r-devel-windows-x86_64-gcc10-UCRT 1.2.2 NOTE
r-patched-linux-x86_64 1.2.2 84.21 222.09 306.30 NOTE
r-patched-solaris-x86 1.2.2 491.20 NOTE
r-release-linux-x86_64 1.2.2 77.72 219.37 297.09 NOTE
r-release-macos-x86_64 1.2.2 NOTE
r-release-windows-ix86+x86_64 1.2.2 164.00 353.00 517.00 NOTE
r-oldrel-macos-x86_64 1.2.2 NOTE
r-oldrel-windows-ix86+x86_64 1.2.2 154.00 480.00 634.00 NOTE

Additional issues

gcc-ASAN

Check Details

Version: 1.2.2
Check: package dependencies
Result: NOTE
    Package suggested but not available for checking: 'gurobi'
Flavors: r-devel-linux-x86_64-debian-clang, r-devel-linux-x86_64-debian-gcc, r-devel-linux-x86_64-fedora-clang, r-devel-linux-x86_64-fedora-gcc, r-devel-windows-ix86+x86_64, r-devel-windows-x86_64-gcc10-UCRT, r-patched-linux-x86_64, r-release-linux-x86_64, r-release-windows-ix86+x86_64, r-oldrel-windows-ix86+x86_64

Version: 1.2.2
Check: package dependencies
Result: NOTE
    Packages suggested but not available for checking:
     'lpsymphony', 'Rsymphony', 'gurobi'
Flavors: r-patched-solaris-x86, r-release-macos-x86_64

Version: 1.2.2
Check: installed package size
Result: NOTE
     installed size is 5.2Mb
     sub-directories of 1Mb or more:
     libs 3.3Mb
Flavors: r-release-macos-x86_64, r-oldrel-macos-x86_64

Version: 1.2.2
Check: package dependencies
Result: NOTE
    Packages suggested but not available for checking: 'Rsymphony', 'gurobi'
Flavor: r-oldrel-macos-x86_64