CRAN Package Check Results for Package TOHM

Last updated on 2021-05-08 05:57:25 CEST.

Flavor Version Tinstall Tcheck Ttotal Status Flags
r-devel-linux-x86_64-debian-clang 1.4 8.39 105.51 113.90 OK
r-devel-linux-x86_64-debian-gcc 1.4 7.43 78.01 85.44 OK
r-devel-linux-x86_64-fedora-clang 1.4 143.57 OK
r-devel-linux-x86_64-fedora-gcc 1.4 133.65 OK
r-devel-windows-ix86+x86_64 1.4 16.00 126.00 142.00 OK
r-devel-windows-x86_64-gcc10-UCRT 1.4 OK
r-patched-linux-x86_64 1.4 9.06 101.99 111.05 OK
r-patched-solaris-x86 1.4 197.80 OK
r-release-linux-x86_64 1.4 8.69 98.67 107.36 OK
r-release-macos-x86_64 1.4 OK
r-release-windows-ix86+x86_64 1.4 16.00 93.00 109.00 OK
r-oldrel-macos-x86_64 1.4 OK
r-oldrel-windows-ix86+x86_64 1.4 18.00 11.00 29.00 ERROR

Check Details

Version: 1.4
Check: whether package can be installed
Result: ERROR
    Installation failed.
Flavor: r-oldrel-windows-ix86+x86_64