CRAN Package Check Results for Package TMB

Last updated on 2021-04-18 00:47:59 CEST.

Flavor Version Tinstall Tcheck Ttotal Status Flags
r-devel-linux-x86_64-debian-clang 1.7.20 78.09 77.68 155.77 OK
r-devel-linux-x86_64-debian-gcc 1.7.20 55.69 63.90 119.59 OK
r-devel-linux-x86_64-fedora-clang 1.7.20 212.33 NOTE
r-devel-linux-x86_64-fedora-gcc 1.7.20 195.59 OK
r-devel-windows-ix86+x86_64 1.7.20 165.00 126.00 291.00 NOTE
r-devel-windows-x86_64-gcc10-UCRT 1.7.20 OK
r-patched-linux-x86_64 1.7.20 66.58 73.43 140.01 OK
r-patched-solaris-x86 1.7.20 195.10 OK
r-release-linux-x86_64 1.7.20 65.28 72.75 138.03 OK
r-release-macos-x86_64 1.7.20 NOTE
r-release-windows-ix86+x86_64 1.7.20 127.00 107.00 234.00 NOTE
r-oldrel-macos-x86_64 1.7.20 NOTE
r-oldrel-windows-ix86+x86_64 1.7.20 142.00 116.00 258.00 NOTE

Check Details

Version: 1.7.20
Check: installed package size
Result: NOTE
     installed size is 18.2Mb
     sub-directories of 1Mb or more:
     examples 14.7Mb
     include 3.0Mb
Flavors: r-devel-linux-x86_64-fedora-clang, r-devel-windows-ix86+x86_64, r-release-macos-x86_64, r-release-windows-ix86+x86_64, r-oldrel-macos-x86_64, r-oldrel-windows-ix86+x86_64