CRAN Package Check Results for Package TIMP

Last updated on 2024-04-15 11:56:40 CEST.

Flavor Version Tinstall Tcheck Ttotal Status Flags
r-devel-linux-x86_64-debian-clang 1.13.6 24.94 158.82 183.76 NOTE
r-devel-linux-x86_64-debian-gcc 1.13.6 15.99 113.59 129.58 NOTE
r-devel-linux-x86_64-fedora-clang 1.13.6 220.27 NOTE
r-devel-linux-x86_64-fedora-gcc 1.13.6 213.13 NOTE
r-prerel-macos-arm64 1.13.6 57.00 NOTE
r-prerel-windows-x86_64 1.13.6 20.00 222.00 242.00 NOTE
r-patched-linux-x86_64 1.13.6 22.72 150.38 173.10 NOTE
r-release-linux-x86_64 1.13.6 19.89 152.75 172.64 OK
r-release-macos-arm64 1.13.6 55.00 OK
r-release-macos-x86_64 1.13.6 124.00 OK
r-release-windows-x86_64 1.13.6 27.00 159.00 186.00 OK
r-oldrel-macos-arm64 1.13.6 65.00 OK
r-oldrel-windows-x86_64 1.13.6 27.00 154.00 181.00 OK

Check Details

Version: 1.13.6
Check: Rd files
Result: NOTE checkRd: (-1) dat-class.Rd:47: Lost braces in \itemize; meant \describe ? checkRd: (-1) dat-class.Rd:48: Lost braces in \itemize; meant \describe ? checkRd: (-1) dat-class.Rd:49: Lost braces in \itemize; meant \describe ? checkRd: (-1) dat-class.Rd:50: Lost braces in \itemize; meant \describe ? checkRd: (-1) dat-class.Rd:51: Lost braces in \itemize; meant \describe ? checkRd: (-1) dat-class.Rd:133-134: Lost braces in \itemize; meant \describe ? checkRd: (-1) dat-class.Rd:135-136: Lost braces in \itemize; meant \describe ? checkRd: (-1) dat-class.Rd:137: Lost braces in \itemize; meant \describe ? checkRd: (-1) dat-class.Rd:138: Lost braces in \itemize; meant \describe ? checkRd: (-1) dat-class.Rd:139-141: Lost braces in \itemize; meant \describe ? checkRd: (-1) fit-class.Rd:24: Lost braces in \itemize; meant \describe ? checkRd: (-1) fit-class.Rd:25: Lost braces in \itemize; meant \describe ? checkRd: (-1) fitModel.Rd:23-39: Lost braces in \itemize; meant \describe ? checkRd: (-1) fitModel.Rd:40-45: Lost braces in \itemize; meant \describe ? checkRd: (-1) fitModel.Rd:46-53: Lost braces in \itemize; meant \describe ? checkRd: (-1) fitModel.Rd:54-68: Lost braces in \itemize; meant \describe ? checkRd: (-1) fitModel.Rd:69-79: Lost braces in \itemize; meant \describe ? checkRd: (-1) fitModel.Rd:74: Lost braces in \itemize; meant \describe ? checkRd: (-1) fitModel.Rd:75: Lost braces in \itemize; meant \describe ? checkRd: (-1) fitModel.Rd:76-77: Lost braces in \itemize; meant \describe ? checkRd: (-1) fitModel.Rd:80-90: Lost braces in \itemize; meant \describe ? checkRd: (-1) fitModel.Rd:84: Lost braces in \itemize; meant \describe ? checkRd: (-1) fitModel.Rd:85: Lost braces in \itemize; meant \describe ? checkRd: (-1) fitModel.Rd:86: Lost braces in \itemize; meant \describe ? checkRd: (-1) fitModel.Rd:87-88: Lost braces in \itemize; meant \describe ? checkRd: (-1) fitModel.Rd:91-99: Lost braces in \itemize; meant \describe ? checkRd: (-1) fitModel.Rd:95: Lost braces in \itemize; meant \describe ? checkRd: (-1) fitModel.Rd:96: Lost braces in \itemize; meant \describe ? checkRd: (-1) fitModel.Rd:97-98: Lost braces in \itemize; meant \describe ? checkRd: (-1) fitModel.Rd:100-120: Lost braces in \itemize; meant \describe ? checkRd: (-1) fitModel.Rd:104-105: Lost braces in \itemize; meant \describe ? checkRd: (-1) fitModel.Rd:106-107: Lost braces in \itemize; meant \describe ? checkRd: (-1) fitModel.Rd:108-109: Lost braces in \itemize; meant \describe ? checkRd: (-1) fitModel.Rd:110-112: Lost braces in \itemize; meant \describe ? checkRd: (-1) fitModel.Rd:113: Lost braces in \itemize; meant \describe ? checkRd: (-1) fitModel.Rd:114-115: Lost braces in \itemize; meant \describe ? checkRd: (-1) fitModel.Rd:116-117: Lost braces in \itemize; meant \describe ? checkRd: (-1) fitModel.Rd:118-119: Lost braces in \itemize; meant \describe ? checkRd: (-1) fitModel.Rd:121-124: Lost braces in \itemize; meant \describe ? checkRd: (-1) fitModel.Rd:139-141: Lost braces in \itemize; \value handles \item{}{} directly checkRd: (-1) fitModel.Rd:142-144: Lost braces in \itemize; \value handles \item{}{} directly checkRd: (-1) fitModel.Rd:145-147: Lost braces in \itemize; \value handles \item{}{} directly checkRd: (-1) fitModel.Rd:148-149: Lost braces in \itemize; \value handles \item{}{} directly checkRd: (-1) kinopt-class.Rd:22-29: Lost braces in \itemize; meant \describe ? checkRd: (-1) kinopt-class.Rd:30-33: Lost braces in \itemize; meant \describe ? checkRd: (-1) kinopt-class.Rd:34-36: Lost braces in \itemize; meant \describe ? Flavors: r-devel-linux-x86_64-debian-clang, r-devel-linux-x86_64-debian-gcc, r-devel-linux-x86_64-fedora-clang, r-devel-linux-x86_64-fedora-gcc, r-prerel-macos-arm64, r-prerel-windows-x86_64, r-patched-linux-x86_64