CRAN Package Check Results for Package TDMR

Last updated on 2021-05-08 11:50:42 CEST.

Flavor Version Tinstall Tcheck Ttotal Status Flags
r-devel-linux-x86_64-debian-clang 2.2 23.72 164.09 187.81 OK
r-devel-linux-x86_64-debian-gcc 2.2 18.32 123.42 141.74 OK
r-devel-linux-x86_64-fedora-clang 2.2 262.55 OK
r-devel-linux-x86_64-fedora-gcc 2.2 249.91 OK
r-devel-windows-ix86+x86_64 2.2 43.00 180.00 223.00 OK
r-devel-windows-x86_64-gcc10-UCRT 2.2 OK
r-patched-linux-x86_64 2.2 30.19 159.70 189.89 OK
r-patched-solaris-x86 2.2 291.80 OK
r-release-linux-x86_64 2.2 22.28 154.19 176.47 OK
r-release-macos-x86_64 2.2 OK
r-release-windows-ix86+x86_64 2.2 31.00 143.00 174.00 OK
r-oldrel-macos-x86_64 2.2 WARN
r-oldrel-windows-ix86+x86_64 2.2 36.00 167.00 203.00 OK

Check Details

Version: 2.2
Check: dependencies in R code
Result: NOTE
    No protocol specified
    No protocol specified
Flavor: r-oldrel-macos-x86_64

Version: 2.2
Check: S3 generic/method consistency
Result: WARN
    No protocol specified
    No protocol specified
    See section ‘Generic functions and methods’ in the ‘Writing R
    Extensions’ manual.
Flavor: r-oldrel-macos-x86_64

Version: 2.2
Check: replacement functions
Result: WARN
    No protocol specified
    No protocol specified
    The argument of a replacement function which corresponds to the right
    hand side must be named ‘value’.
Flavor: r-oldrel-macos-x86_64

Version: 2.2
Check: foreign function calls
Result: NOTE
    No protocol specified
    No protocol specified
    See chapter ‘System and foreign language interfaces’ in the ‘Writing R
    Extensions’ manual.
Flavor: r-oldrel-macos-x86_64

Version: 2.2
Check: R code for possible problems
Result: NOTE
    No protocol specified
    No protocol specified
Flavor: r-oldrel-macos-x86_64

Version: 2.2
Check: for missing documentation entries
Result: WARN
    No protocol specified
    No protocol specified
    All user-level objects in a package should have documentation entries.
    See chapter ‘Writing R documentation files’ in the ‘Writing R
    Extensions’ manual.
Flavor: r-oldrel-macos-x86_64

Version: 2.2
Check: for code/documentation mismatches
Result: WARN
    No protocol specified
    No protocol specified
    No protocol specified
    No protocol specified
    No protocol specified
    No protocol specified
Flavor: r-oldrel-macos-x86_64

Version: 2.2
Check: Rd \usage sections
Result: NOTE
    No protocol specified
    No protocol specified
    The \usage entries for S3 methods should use the \method markup and not
    their full name.
    See chapter ‘Writing R documentation files’ in the ‘Writing R
    Extensions’ manual.
Flavor: r-oldrel-macos-x86_64