CRAN Package Check Results for Package SuperpixelImageSegmentation

Last updated on 2021-04-18 17:47:56 CEST.

Flavor Version Tinstall Tcheck Ttotal Status Flags
r-devel-linux-x86_64-debian-clang 1.0.3 60.42 39.49 99.91 NOTE
r-devel-linux-x86_64-debian-gcc 1.0.3 44.74 32.54 77.28 NOTE
r-devel-linux-x86_64-fedora-clang 1.0.3 144.36 NOTE
r-devel-linux-x86_64-fedora-gcc 1.0.3 137.25 NOTE
r-devel-windows-ix86+x86_64 1.0.3 143.00 108.00 251.00 NOTE
r-devel-windows-x86_64-gcc10-UCRT 1.0.3 NOTE
r-patched-linux-x86_64 1.0.3 55.95 41.09 97.04 OK
r-patched-solaris-x86 1.0.3 145.70 OK
r-release-linux-x86_64 1.0.3 53.30 40.94 94.24 OK
r-release-macos-x86_64 1.0.3 NOTE
r-release-windows-ix86+x86_64 1.0.3 127.00 117.00 244.00 OK
r-oldrel-macos-x86_64 1.0.3 NOTE
r-oldrel-windows-ix86+x86_64 1.0.3 88.00 70.00 158.00 OK

Check Details

Version: 1.0.3
Check: LazyData
Result: NOTE
     'LazyData' is specified without a 'data' directory
Flavors: r-devel-linux-x86_64-debian-clang, r-devel-linux-x86_64-debian-gcc, r-devel-linux-x86_64-fedora-clang, r-devel-linux-x86_64-fedora-gcc, r-devel-windows-ix86+x86_64, r-devel-windows-x86_64-gcc10-UCRT

Version: 1.0.3
Check: installed package size
Result: NOTE
     installed size is 5.7Mb
     sub-directories of 1Mb or more:
     libs 5.4Mb
Flavors: r-release-macos-x86_64, r-oldrel-macos-x86_64