CRAN Package Check Results for Package SuperPCA

Last updated on 2020-02-25 16:48:24 CET.

Flavor Version Tinstall Tcheck Ttotal Status Flags
r-devel-linux-x86_64-debian-clang 0.2.0 10.94 74.20 85.14 OK
r-devel-linux-x86_64-debian-gcc 0.2.0 10.17 57.22 67.39 OK
r-devel-linux-x86_64-fedora-clang 0.2.0 102.14 NOTE
r-devel-linux-x86_64-fedora-gcc 0.2.0 102.34 NOTE
r-devel-windows-ix86+x86_64 0.2.0 20.00 77.00 97.00 OK
r-devel-windows-ix86+x86_64-gcc8 0.2.0 19.00 81.00 100.00 OK
r-patched-linux-x86_64 0.2.0 9.97 66.34 76.31 OK
r-patched-solaris-x86 0.2.0 148.70 NOTE
r-release-linux-x86_64 0.2.0 10.20 66.94 77.14 OK
r-release-windows-ix86+x86_64 0.2.0 17.00 76.00 93.00 OK
r-release-osx-x86_64 0.2.0 NOTE
r-oldrel-windows-ix86+x86_64 0.2.0 12.00 75.00 87.00 OK
r-oldrel-osx-x86_64 0.2.0 NOTE

Check Details

Version: 0.2.0
Check: dependencies in R code
Result: NOTE
    Namespaces in Imports field not imported from:
     ‘R.matlab’ ‘fBasics’ ‘spls’
     All declared Imports should be used.
Flavors: r-devel-linux-x86_64-fedora-clang, r-devel-linux-x86_64-fedora-gcc, r-patched-solaris-x86, r-release-osx-x86_64, r-oldrel-osx-x86_64