CRAN Package Check Results for Package SpatialEpiApp

Last updated on 2019-11-18 10:48:27 CET.

Flavor Version Tinstall Tcheck Ttotal Status Flags
r-devel-linux-x86_64-debian-clang 0.3 2.53 20.19 22.72 NOTE
r-devel-linux-x86_64-debian-gcc 0.3 2.01 16.43 18.44 NOTE
r-devel-linux-x86_64-fedora-clang 0.3 28.30 NOTE
r-devel-linux-x86_64-fedora-gcc 0.3 27.79 NOTE
r-devel-windows-ix86+x86_64 0.3 18.00 45.00 63.00 OK
r-patched-linux-x86_64 0.3 1.97 19.55 21.52 NOTE
r-patched-solaris-x86 0.3 42.20 NOTE
r-release-linux-x86_64 0.3 2.00 19.05 21.05 NOTE
r-release-windows-ix86+x86_64 0.3 9.00 49.00 58.00 OK
r-release-osx-x86_64 0.3 NOTE
r-oldrel-windows-ix86+x86_64 0.3 5.00 34.00 39.00 OK
r-oldrel-osx-x86_64 0.3 NOTE

Check Details

Version: 0.3
Check: package dependencies
Result: NOTE
    Package suggested but not available for checking: 'INLA'
Flavors: r-devel-linux-x86_64-debian-clang, r-devel-linux-x86_64-debian-gcc, r-patched-linux-x86_64, r-patched-solaris-x86, r-release-linux-x86_64, r-release-osx-x86_64, r-oldrel-osx-x86_64

Version: 0.3
Check: dependencies in R code
Result: NOTE
    Namespaces in Imports field not imported from:
     ‘RColorBrewer’ ‘SpatialEpi’ ‘dplyr’ ‘dygraphs’ ‘ggplot2’
     ‘htmlwidgets’ ‘knitr’ ‘leaflet’ ‘mapproj’ ‘maptools’ ‘rgdal’ ‘rgeos’
     ‘rmarkdown’ ‘shinyjs’ ‘spdep’ ‘xts’
     All declared Imports should be used.
Flavors: r-devel-linux-x86_64-fedora-clang, r-devel-linux-x86_64-fedora-gcc, r-patched-solaris-x86, r-release-osx-x86_64, r-oldrel-osx-x86_64