CRAN Package Check Results for Package SpatialBall

Last updated on 2020-01-25 04:47:10 CET.

Flavor Version Tinstall Tcheck Ttotal Status Flags
r-devel-linux-x86_64-debian-clang 0.1.0 12.37 73.55 85.92 NOTE
r-devel-linux-x86_64-debian-gcc 0.1.0 12.22 57.33 69.55 NOTE
r-devel-linux-x86_64-fedora-clang 0.1.0 107.63 NOTE
r-devel-linux-x86_64-fedora-gcc 0.1.0 107.08 NOTE
r-devel-windows-ix86+x86_64 0.1.0 35.00 121.00 156.00 NOTE
r-devel-windows-ix86+x86_64-gcc8 0.1.0 37.00 123.00 160.00 NOTE
r-patched-linux-x86_64 0.1.0 11.68 65.87 77.55 OK
r-patched-solaris-x86 0.1.0 160.70 NOTE
r-release-linux-x86_64 0.1.0 12.20 65.18 77.38 OK
r-release-windows-ix86+x86_64 0.1.0 22.00 79.00 101.00 OK
r-release-osx-x86_64 0.1.0 NOTE
r-oldrel-windows-ix86+x86_64 0.1.0 14.00 82.00 96.00 OK
r-oldrel-osx-x86_64 0.1.0 NOTE

Check Details

Version: 0.1.0
Check: package vignettes
Result: NOTE
    Package vignette with placeholder title 'Vignette Title':
     'Starting.Rmd'
Flavors: r-devel-linux-x86_64-debian-clang, r-devel-linux-x86_64-debian-gcc, r-devel-windows-ix86+x86_64, r-devel-windows-ix86+x86_64-gcc8

Version: 0.1.0
Check: dependencies in R code
Result: NOTE
    Namespace in Imports field not imported from: ‘lubridate’
     All declared Imports should be used.
Flavors: r-devel-linux-x86_64-fedora-clang, r-devel-linux-x86_64-fedora-gcc, r-patched-solaris-x86, r-release-osx-x86_64, r-oldrel-osx-x86_64