Last updated on 2021-04-23 00:49:03 CEST.
Flavor | Version | Tinstall | Tcheck | Ttotal | Status | Flags |
---|---|---|---|---|---|---|
r-devel-linux-x86_64-debian-clang | 4.0 | 9.97 | 93.69 | 103.66 | OK | |
r-devel-linux-x86_64-debian-gcc | 4.0 | 7.41 | 73.27 | 80.68 | OK | |
r-devel-linux-x86_64-fedora-clang | 4.0 | 135.05 | NOTE | |||
r-devel-linux-x86_64-fedora-gcc | 4.0 | 123.09 | NOTE | |||
r-devel-windows-ix86+x86_64 | 4.0 | 24.00 | 160.00 | 184.00 | OK | |
r-devel-windows-x86_64-gcc10-UCRT | 4.0 | OK | ||||
r-patched-linux-x86_64 | 4.0 | 14.07 | 87.37 | 101.44 | OK | |
r-patched-solaris-x86 | 4.0 | 186.80 | OK | |||
r-release-linux-x86_64 | 4.0 | 9.32 | 87.34 | 96.66 | OK | |
r-release-macos-x86_64 | 4.0 | OK | ||||
r-release-windows-ix86+x86_64 | 4.0 | 25.00 | 135.00 | 160.00 | OK | |
r-oldrel-macos-x86_64 | 4.0 | OK | ||||
r-oldrel-windows-ix86+x86_64 | 4.0 | 43.00 | 148.00 | 191.00 | OK |
Version: 4.0
Check: compiled code
Result: NOTE
File ‘SparseTSCGM/libs/SparseTSCGM.so’:
Found no calls to: ‘R_registerRoutines’, ‘R_useDynamicSymbols’
It is good practice to register native routines and to disable symbol
search.
See ‘Writing portable packages’ in the ‘Writing R Extensions’ manual.
Flavors: r-devel-linux-x86_64-fedora-clang, r-devel-linux-x86_64-fedora-gcc