CRAN Package Check Results for Package SmoothWin

Last updated on 2024-05-18 11:51:30 CEST.

Flavor Version Tinstall Tcheck Ttotal Status Flags
r-devel-linux-x86_64-debian-clang 3.0.0 2.20 42.99 45.19 NOTE
r-devel-linux-x86_64-debian-gcc 3.0.0 2.40 33.14 35.54 NOTE
r-devel-linux-x86_64-fedora-clang 3.0.0 58.24 NOTE
r-devel-linux-x86_64-fedora-gcc 3.0.0 101.09 NOTE
r-devel-windows-x86_64 3.0.0 4.00 58.00 62.00 NOTE
r-patched-linux-x86_64 3.0.0 2.40 42.99 45.39 NOTE
r-release-linux-x86_64 3.0.0 3.50 42.63 46.13 NOTE
r-release-macos-arm64 3.0.0 22.00 NOTE
r-release-windows-x86_64 3.0.0 4.00 60.00 64.00 NOTE
r-oldrel-macos-arm64 3.0.0 24.00 NOTE
r-oldrel-macos-x86_64 3.0.0 31.00 NOTE
r-oldrel-windows-x86_64 3.0.0 4.00 65.00 69.00 NOTE

Check Details

Version: 3.0.0
Check: dependencies in R code
Result: NOTE There are ::: calls to the package's namespace in its code. A package almost never needs to use ::: for its own objects: ‘lseq’ Flavors: r-devel-linux-x86_64-debian-clang, r-devel-linux-x86_64-debian-gcc, r-devel-windows-x86_64, r-patched-linux-x86_64, r-release-linux-x86_64, r-release-macos-arm64, r-release-windows-x86_64, r-oldrel-macos-arm64, r-oldrel-macos-x86_64, r-oldrel-windows-x86_64

Version: 3.0.0
Check: dependencies in R code
Result: NOTE Namespace in Imports field not imported from: ‘nlme’ All declared Imports should be used. There are ::: calls to the package's namespace in its code. A package almost never needs to use ::: for its own objects: ‘lseq’ Flavors: r-devel-linux-x86_64-fedora-clang, r-devel-linux-x86_64-fedora-gcc