Last updated on 2021-04-22 11:50:32 CEST.
Flavor | Version | Tinstall | Tcheck | Ttotal | Status | Flags |
---|---|---|---|---|---|---|
r-devel-linux-x86_64-debian-clang | 1.1.1 | 10.38 | 134.49 | 144.87 | OK | |
r-devel-linux-x86_64-debian-gcc | 1.1.1 | 7.25 | 89.22 | 96.47 | OK | |
r-devel-linux-x86_64-fedora-clang | 1.1.1 | 165.14 | OK | |||
r-devel-linux-x86_64-fedora-gcc | 1.1.1 | 160.17 | NOTE | |||
r-devel-windows-ix86+x86_64 | 1.1.1 | 24.00 | 160.00 | 184.00 | OK | |
r-devel-windows-x86_64-gcc10-UCRT | 1.1.1 | OK | ||||
r-patched-linux-x86_64 | 1.1.1 | 8.42 | 114.62 | 123.04 | OK | |
r-patched-solaris-x86 | 1.1.1 | 215.50 | OK | |||
r-release-linux-x86_64 | 1.1.1 | 8.89 | 112.88 | 121.77 | OK | |
r-release-macos-x86_64 | 1.1.1 | OK | ||||
r-release-windows-ix86+x86_64 | 1.1.1 | 23.00 | 190.00 | 213.00 | OK | |
r-oldrel-macos-x86_64 | 1.1.1 | OK | ||||
r-oldrel-windows-ix86+x86_64 | 1.1.1 | 20.00 | 104.00 | 124.00 | OK |
Version: 1.1.1
Check: for non-standard things in the check directory
Result: NOTE
Found the following files/directories:
‘devtools’
Flavor: r-devel-linux-x86_64-fedora-gcc