Last updated on 2021-04-21 05:48:52 CEST.
Flavor | Version | Tinstall | Tcheck | Ttotal | Status | Flags |
---|---|---|---|---|---|---|
r-devel-linux-x86_64-debian-clang | 0.1.0 | 38.06 | 55.25 | 93.31 | NOTE | |
r-devel-linux-x86_64-debian-gcc | 0.1.0 | 24.41 | 41.53 | 65.94 | NOTE | |
r-devel-linux-x86_64-fedora-clang | 0.1.0 | 134.29 | NOTE | |||
r-devel-linux-x86_64-fedora-gcc | 0.1.0 | 107.97 | NOTE | |||
r-devel-windows-ix86+x86_64 | 0.1.0 | 60.00 | 78.00 | 138.00 | NOTE | |
r-devel-windows-x86_64-gcc10-UCRT | 0.1.0 | NOTE | ||||
r-patched-linux-x86_64 | 0.1.0 | 30.45 | 50.35 | 80.80 | OK | |
r-patched-solaris-x86 | 0.1.0 | 130.30 | OK | |||
r-release-linux-x86_64 | 0.1.0 | 30.19 | 50.37 | 80.56 | OK | |
r-release-macos-x86_64 | 0.1.0 | OK | ||||
r-release-windows-ix86+x86_64 | 0.1.0 | 88.00 | 107.00 | 195.00 | OK | |
r-oldrel-macos-x86_64 | 0.1.0 | ERROR | ||||
r-oldrel-windows-ix86+x86_64 | 0.1.0 | 79.00 | 96.00 | 175.00 | OK |
Version: 0.1.0
Check: LazyData
Result: NOTE
'LazyData' is specified without a 'data' directory
Flavors: r-devel-linux-x86_64-debian-clang, r-devel-linux-x86_64-debian-gcc, r-devel-linux-x86_64-fedora-clang, r-devel-linux-x86_64-fedora-gcc, r-devel-windows-ix86+x86_64, r-devel-windows-x86_64-gcc10-UCRT
Version: 0.1.0
Check: package dependencies
Result: ERROR
Packages required and available but unsuitable versions:
'parallel', 'methods', 'grDevices', 'graphics', 'utils'
See section ‘The DESCRIPTION file’ in the ‘Writing R Extensions’
manual.
Flavor: r-oldrel-macos-x86_64