CRAN Package Check Results for Package SimJoint

Last updated on 2020-09-19 05:49:41 CEST.

Flavor Version Tinstall Tcheck Ttotal Status Flags
r-devel-linux-x86_64-debian-clang 0.3.7 80.08 39.25 119.33 NOTE
r-devel-linux-x86_64-debian-gcc 0.3.7 63.85 31.52 95.37 NOTE
r-devel-linux-x86_64-fedora-clang 0.3.7 189.92 NOTE
r-devel-linux-x86_64-fedora-gcc 0.3.7 161.28 NOTE
r-devel-windows-ix86+x86_64 0.3.7 181.00 77.00 258.00 NOTE
r-patched-linux-x86_64 0.3.7 69.19 38.98 108.17 NOTE
r-patched-solaris-x86 0.3.7 170.80 NOTE
r-release-linux-x86_64 0.3.7 68.04 39.27 107.31 NOTE
r-release-macos-x86_64 0.3.7 NOTE
r-release-windows-ix86+x86_64 0.3.7 183.00 80.00 263.00 NOTE
r-oldrel-macos-x86_64 0.3.7 NOTE
r-oldrel-windows-ix86+x86_64 0.3.7 115.00 91.00 206.00 NOTE

Check Details

Version: 0.3.7
Check: for GNU extensions in Makefiles
Result: NOTE
    GNU make is a SystemRequirements.
Flavors: r-devel-linux-x86_64-debian-clang, r-devel-linux-x86_64-debian-gcc, r-devel-linux-x86_64-fedora-clang, r-devel-linux-x86_64-fedora-gcc, r-devel-windows-ix86+x86_64, r-patched-linux-x86_64, r-patched-solaris-x86, r-release-linux-x86_64, r-release-macos-x86_64, r-release-windows-ix86+x86_64, r-oldrel-macos-x86_64, r-oldrel-windows-ix86+x86_64

Version: 0.3.7
Check: installed package size
Result: NOTE
     installed size is 6.2Mb
     sub-directories of 1Mb or more:
     libs 5.9Mb
Flavors: r-devel-linux-x86_64-fedora-clang, r-release-macos-x86_64, r-oldrel-macos-x86_64