CRAN Package Check Results for Package SPARTAAS

Last updated on 2021-05-18 17:48:27 CEST.

Flavor Version Tinstall Tcheck Ttotal Status Flags
r-devel-linux-x86_64-debian-clang 1.0.0 27.98 246.41 274.39 OK
r-devel-linux-x86_64-debian-gcc 1.0.0 25.02 185.55 210.57 OK
r-devel-linux-x86_64-fedora-clang 1.0.0 335.52 NOTE
r-devel-linux-x86_64-fedora-gcc 1.0.0 319.18 OK
r-devel-windows-ix86+x86_64 1.0.0 85.00 309.00 394.00 OK
r-devel-windows-x86_64-gcc10-UCRT 1.0.0 OK
r-patched-linux-x86_64 1.0.0 27.29 231.68 258.97 OK
r-patched-solaris-x86 1.0.0 490.40 OK
r-release-linux-x86_64 1.0.0 26.51 221.94 248.45 OK
r-release-macos-x86_64 1.0.0 OK
r-release-windows-ix86+x86_64 1.0.0 54.00 211.00 265.00 OK
r-oldrel-macos-x86_64 1.0.0 OK
r-oldrel-windows-ix86+x86_64 1.0.0 70.00 326.00 396.00 OK

Check Details

Version: 1.0.0
Check: package dependencies
Result: NOTE
    Imports includes 30 non-default packages.
    Importing from so many packages makes the package vulnerable to any of
    them becoming unavailable. Move as many as possible to Suggests and
    use conditionally.
Flavor: r-devel-linux-x86_64-fedora-clang