CRAN Package Check Results for Package SIRE

Last updated on 2020-02-25 16:48:23 CET.

Flavor Version Tinstall Tcheck Ttotal Status Flags
r-devel-linux-x86_64-debian-clang 1.1.0 3.02 26.91 29.93 OK
r-devel-linux-x86_64-debian-gcc 1.1.0 2.19 21.08 23.27 OK
r-devel-linux-x86_64-fedora-clang 1.1.0 36.61 NOTE
r-devel-linux-x86_64-fedora-gcc 1.1.0 34.86 NOTE
r-devel-windows-ix86+x86_64 1.1.0 8.00 38.00 46.00 OK
r-devel-windows-ix86+x86_64-gcc8 1.1.0 9.00 38.00 47.00 OK
r-patched-linux-x86_64 1.1.0 1.92 24.20 26.12 OK
r-patched-solaris-x86 1.1.0 54.20 NOTE
r-release-linux-x86_64 1.1.0 1.59 24.12 25.71 OK
r-release-windows-ix86+x86_64 1.1.0 5.00 39.00 44.00 OK
r-release-osx-x86_64 1.1.0 NOTE
r-oldrel-windows-ix86+x86_64 1.1.0 4.00 37.00 41.00 OK
r-oldrel-osx-x86_64 1.1.0 NOTE

Check Details

Version: 1.1.0
Check: dependencies in R code
Result: NOTE
    Namespaces in Imports field not imported from:
     ‘dplyr’ ‘magrittr’ ‘psych’ ‘stringr’
     All declared Imports should be used.
Flavors: r-devel-linux-x86_64-fedora-clang, r-devel-linux-x86_64-fedora-gcc, r-patched-solaris-x86, r-release-osx-x86_64, r-oldrel-osx-x86_64