Last updated on 2021-02-27 10:56:44 CET.
Flavor | Version | Tinstall | Tcheck | Ttotal | Status | Flags |
---|---|---|---|---|---|---|
r-devel-linux-x86_64-debian-clang | 0.1-3 | 2.29 | 33.38 | 35.67 | NOTE | |
r-devel-linux-x86_64-debian-gcc | 0.1-3 | 1.89 | 26.02 | 27.91 | NOTE | |
r-devel-linux-x86_64-fedora-clang | 0.1-3 | 53.17 | NOTE | |||
r-devel-linux-x86_64-fedora-gcc | 0.1-3 | 42.17 | NOTE | |||
r-devel-windows-ix86+x86_64 | 0.1-3 | 4.00 | 39.00 | 43.00 | NOTE | |
r-patched-linux-x86_64 | 0.1-3 | 2.33 | 32.09 | 34.42 | NOTE | |
r-patched-solaris-x86 | 0.1-3 | 65.20 | NOTE | |||
r-release-linux-x86_64 | 0.1-3 | 2.32 | 31.87 | 34.19 | NOTE | |
r-release-macos-x86_64 | 0.1-3 | NOTE | ||||
r-release-windows-ix86+x86_64 | 0.1-3 | 18.00 | 48.00 | 66.00 | NOTE | |
r-oldrel-macos-x86_64 | 0.1-3 | NOTE | ||||
r-oldrel-windows-ix86+x86_64 | 0.1-3 | 3.00 | 50.00 | 53.00 | NOTE |
Version: 0.1-3
Check: R code for possible problems
Result: NOTE
lahiri.design: no visible global function definition for 'runif'
Undefined global functions or variables:
runif
Consider adding
importFrom("stats", "runif")
to your NAMESPACE file.
Flavors: r-devel-linux-x86_64-debian-clang, r-devel-linux-x86_64-debian-gcc, r-devel-linux-x86_64-fedora-clang, r-devel-linux-x86_64-fedora-gcc, r-devel-windows-ix86+x86_64, r-patched-linux-x86_64, r-patched-solaris-x86, r-release-linux-x86_64, r-release-macos-x86_64, r-release-windows-ix86+x86_64, r-oldrel-macos-x86_64, r-oldrel-windows-ix86+x86_64