CRAN Package Check Results for Package SCEPtER

Last updated on 2024-05-22 00:54:17 CEST.

Flavor Version Tinstall Tcheck Ttotal Status Flags
r-devel-linux-x86_64-debian-clang 0.2-4 10.41 29.23 39.64 OK
r-devel-linux-x86_64-debian-gcc 0.2-4 9.96 22.39 32.35 OK
r-devel-linux-x86_64-fedora-clang 0.2-4 50.53 NOTE
r-devel-linux-x86_64-fedora-gcc 0.2-4 48.33 NOTE
r-devel-windows-x86_64 0.2-4 12.00 46.00 58.00 OK
r-patched-linux-x86_64 0.2-4 12.35 27.86 40.21 OK
r-release-linux-x86_64 0.2-4 10.22 27.48 37.70 OK
r-release-macos-arm64 0.2-4 22.00 OK
r-release-windows-x86_64 0.2-4 11.00 46.00 57.00 OK
r-oldrel-macos-arm64 0.2-4 24.00 OK
r-oldrel-macos-x86_64 0.2-4 30.00 OK
r-oldrel-windows-x86_64 0.2-4 14.00 46.00 60.00 OK

Check Details

Version: 0.2-4
Check: compiled code
Result: NOTE File ‘SCEPtER/libs/SCEPtER.so’: Found no calls to: ‘R_registerRoutines’, ‘R_useDynamicSymbols’ It is good practice to register native routines and to disable symbol search. See ‘Writing portable packages’ in the ‘Writing R Extensions’ manual. Flavors: r-devel-linux-x86_64-fedora-clang, r-devel-linux-x86_64-fedora-gcc