CRAN Package Check Results for Package RiskPortfolios

Last updated on 2024-04-17 17:56:35 CEST.

Flavor Version Tinstall Tcheck Ttotal Status Flags
r-devel-linux-x86_64-debian-clang 2.1.7 4.00 46.23 50.23 OK
r-devel-linux-x86_64-debian-gcc 2.1.7 2.61 33.26 35.87 OK
r-devel-linux-x86_64-fedora-clang 2.1.7 63.05 NOTE
r-devel-linux-x86_64-fedora-gcc 2.1.7 59.34 NOTE
r-prerel-macos-arm64 2.1.7 21.00 OK
r-prerel-windows-x86_64 2.1.7 3.00 53.00 56.00 OK
r-patched-linux-x86_64 2.1.7 3.48 44.03 47.51 OK
r-release-linux-x86_64 2.1.7 2.32 44.69 47.01 OK
r-release-macos-arm64 2.1.7 27.00 OK
r-release-macos-x86_64 2.1.7 30.00 OK
r-release-windows-x86_64 2.1.7 5.00 59.00 64.00 OK
r-oldrel-macos-arm64 2.1.7 21.00 NOTE
r-oldrel-windows-x86_64 2.1.7 5.00 59.00 64.00 OK

Check Details

Version: 2.1.7
Check: dependencies in R code
Result: NOTE Namespace in Imports field not imported from: ‘MASS’ All declared Imports should be used. Flavors: r-devel-linux-x86_64-fedora-clang, r-devel-linux-x86_64-fedora-gcc, r-oldrel-macos-arm64