CRAN Package Check Results for Package Relectoral

Last updated on 2021-05-08 05:57:19 CEST.

Flavor Version Tinstall Tcheck Ttotal Status Flags
r-devel-linux-x86_64-debian-clang 0.1.0 15.07 128.00 143.07 NOTE
r-devel-linux-x86_64-debian-gcc 0.1.0 12.25 95.18 107.43 NOTE
r-devel-linux-x86_64-fedora-clang 0.1.0 187.48 NOTE
r-devel-linux-x86_64-fedora-gcc 0.1.0 166.78 NOTE
r-devel-windows-ix86+x86_64 0.1.0 35.00 97.00 132.00 NOTE
r-devel-windows-x86_64-gcc10-UCRT 0.1.0 NOTE
r-patched-linux-x86_64 0.1.0 15.87 121.50 137.37 NOTE
r-patched-solaris-x86 0.1.0 209.70 NOTE
r-release-linux-x86_64 0.1.0 14.30 118.23 132.53 OK
r-release-macos-x86_64 0.1.0 NOTE
r-release-windows-ix86+x86_64 0.1.0 21.00 106.00 127.00 OK
r-oldrel-macos-x86_64 0.1.0 NOTE
r-oldrel-windows-ix86+x86_64 0.1.0 24.00 124.00 148.00 OK

Check Details

Version: 0.1.0
Check: LazyData
Result: NOTE
     'LazyData' is specified without a 'data' directory
Flavors: r-devel-linux-x86_64-debian-clang, r-devel-linux-x86_64-debian-gcc, r-devel-linux-x86_64-fedora-clang, r-devel-linux-x86_64-fedora-gcc, r-devel-windows-ix86+x86_64, r-devel-windows-x86_64-gcc10-UCRT, r-patched-linux-x86_64

Version: 0.1.0
Check: dependencies in R code
Result: NOTE
    Namespace in Imports field not imported from: ‘rmarkdown’
     All declared Imports should be used.
Flavors: r-devel-linux-x86_64-fedora-clang, r-devel-linux-x86_64-fedora-gcc, r-devel-windows-x86_64-gcc10-UCRT, r-patched-solaris-x86, r-release-macos-x86_64, r-oldrel-macos-x86_64