CRAN Package Check Results for Package RegSDC

Last updated on 2021-04-21 05:48:48 CEST.

Flavor Version Tinstall Tcheck Ttotal Status Flags
r-devel-linux-x86_64-debian-clang 0.5.0 8.68 66.89 75.57 NOTE
r-devel-linux-x86_64-debian-gcc 0.5.0 6.53 51.24 57.77 NOTE
r-devel-linux-x86_64-fedora-clang 0.5.0 98.05 NOTE
r-devel-linux-x86_64-fedora-gcc 0.5.0 87.08 NOTE
r-devel-windows-ix86+x86_64 0.5.0 17.00 69.00 86.00 NOTE
r-devel-windows-x86_64-gcc10-UCRT 0.5.0 NOTE
r-patched-linux-x86_64 0.5.0 10.88 62.07 72.95 OK
r-patched-solaris-x86 0.5.0 128.10 OK
r-release-linux-x86_64 0.5.0 7.99 60.77 68.76 OK
r-release-macos-x86_64 0.5.0 OK
r-release-windows-ix86+x86_64 0.5.0 18.00 74.00 92.00 OK
r-oldrel-macos-x86_64 0.5.0 OK
r-oldrel-windows-ix86+x86_64 0.5.0 12.00 82.00 94.00 OK

Check Details

Version: 0.5.0
Check: LazyData
Result: NOTE
     'LazyData' is specified without a 'data' directory
Flavors: r-devel-linux-x86_64-debian-clang, r-devel-linux-x86_64-debian-gcc, r-devel-linux-x86_64-fedora-clang, r-devel-linux-x86_64-fedora-gcc, r-devel-windows-ix86+x86_64, r-devel-windows-x86_64-gcc10-UCRT