CRAN Package Check Results for Package RcppCNPy

Last updated on 2019-01-17 15:50:32 CET.

Flavor Version Tinstall Tcheck Ttotal Status Flags
r-devel-linux-x86_64-debian-clang 0.2.10 16.05 61.23 77.28 OK
r-devel-linux-x86_64-debian-gcc 0.2.10 14.13 49.97 64.10 OK
r-devel-linux-x86_64-fedora-clang 0.2.10 129.12 WARN
r-devel-linux-x86_64-fedora-gcc 0.2.10 121.45 WARN
r-devel-windows-ix86+x86_64 0.2.10 63.00 145.00 208.00 OK
r-patched-linux-x86_64 0.2.10 16.66 55.90 72.56 OK
r-patched-solaris-x86 0.2.10 84.10 WARN
r-release-linux-x86_64 0.2.10 20.04 55.74 75.78 OK
r-release-windows-ix86+x86_64 0.2.10 57.00 152.00 209.00 OK
r-release-osx-x86_64 0.2.10 OK
r-oldrel-windows-ix86+x86_64 0.2.10 54.00 113.00 167.00 OK
r-oldrel-osx-x86_64 0.2.10 OK

Check Details

Version: 0.2.10
Check: re-building of vignette outputs
Result: WARN
    Error(s) in re-building vignettes:
    --- re-building ‘RcppCNPy-intro.Rmd’ using rmarkdown
    tlmgr search --file --global '/lettrine.sty'
    Trying to automatically install missing LaTeX packages...
    tlmgr install lettrine
    tlmgr: package repository http://mirror.ox.ac.uk/sites/ctan.org/systems/texlive/tlnet (verified)
    tlmgr install: package already present: lettrine
    tlmgr path add
    add_link_dir_dir: /usr/local/share/info/dir exists; not making symlink.
    tlmgr search --file --global '/lettrine.sty'
    ! LaTeX Error: File `lettrine.sty' not found.
    
    ! Emergency stop.
    <read *>
    
    Error: processing vignette 'RcppCNPy-intro.Rmd' failed with diagnostics:
    Failed to compile RcppCNPy-intro.tex. See RcppCNPy-intro.log for more info.
    --- failed re-building ‘RcppCNPy-intro.Rmd’
    
    --- re-building ‘UsingReticulate.Rmd’ using rmarkdown
    tlmgr search --file --global '/lettrine.sty'
    Trying to automatically install missing LaTeX packages...
    tlmgr install lettrine
    tlmgr: package repository http://mirror.ox.ac.uk/sites/ctan.org/systems/texlive/tlnet (verified)
    tlmgr install: package already present: lettrine
    tlmgr path add
    add_link_dir_dir: /usr/local/share/info/dir exists; not making symlink.
    tlmgr search --file --global '/lettrine.sty'
    ! LaTeX Error: File `lettrine.sty' not found.
    
    ! Emergency stop.
    <read *>
    
    Error: processing vignette 'UsingReticulate.Rmd' failed with diagnostics:
    Failed to compile UsingReticulate.tex. See UsingReticulate.log for more info.
    --- failed re-building ‘UsingReticulate.Rmd’
    
    SUMMARY: processing the following files failed:
     ‘RcppCNPy-intro.Rmd’ ‘UsingReticulate.Rmd’
    
    Error: Vignette re-building failed.
    Execution halted
Flavors: r-devel-linux-x86_64-fedora-clang, r-devel-linux-x86_64-fedora-gcc

Version: 0.2.10
Check: re-building of vignette outputs
Result: WARN
    Error in re-building vignettes:
     ...
    Warning in engine$weave(file, quiet = quiet, encoding = enc) :
     Pandoc (>= 1.12.3) and/or pandoc-citeproc not available. Falling back to R Markdown v1.
    Quitting from lines 95-104 (RcppCNPy-intro.Rmd)
    Error: processing vignette 'RcppCNPy-intro.Rmd' failed with diagnostics:
    Python shared library '' not found, Python bindings not loaded.
    Execution halted
Flavor: r-patched-solaris-x86