CRAN Package Check Results for Package RcppAnnoy

Last updated on 2021-04-19 17:48:38 CEST.

Flavor Version Tinstall Tcheck Ttotal Status Flags
r-devel-linux-x86_64-debian-clang 0.0.18 52.77 94.17 146.94 OK
r-devel-linux-x86_64-debian-gcc 0.0.18 37.33 66.24 103.57 OK
r-devel-linux-x86_64-fedora-clang 0.0.18 195.03 NOTE
r-devel-linux-x86_64-fedora-gcc 0.0.18 182.09 OK
r-devel-windows-ix86+x86_64 0.0.18 143.00 151.00 294.00 OK
r-devel-windows-x86_64-gcc10-UCRT 0.0.18 OK
r-patched-linux-x86_64 0.0.18 43.46 87.87 131.33 OK
r-patched-solaris-x86 0.0.18 195.80 OK
r-release-linux-x86_64 0.0.18 44.78 88.25 133.03 OK
r-release-macos-x86_64 0.0.18 NOTE
r-release-windows-ix86+x86_64 0.0.18 141.00 221.00 362.00 OK
r-oldrel-macos-x86_64 0.0.18 NOTE
r-oldrel-windows-ix86+x86_64 0.0.18 96.00 196.00 292.00 OK

Check Details

Version: 0.0.18
Check: installed package size
Result: NOTE
     installed size is 5.5Mb
     sub-directories of 1Mb or more:
     libs 5.0Mb
Flavors: r-devel-linux-x86_64-fedora-clang, r-release-macos-x86_64, r-oldrel-macos-x86_64