CRAN Package Check Results for Package Rcpp

Last updated on 2020-01-28 16:48:51 CET.

Flavor Version Tinstall Tcheck Ttotal Status Flags
r-devel-linux-x86_64-debian-clang 1.0.3 57.76 66.83 124.59 OK
r-devel-linux-x86_64-debian-gcc 1.0.3 34.09 53.47 87.56 OK
r-devel-linux-x86_64-fedora-clang 1.0.3 172.26 NOTE
r-devel-linux-x86_64-fedora-gcc 1.0.3 168.36 NOTE
r-devel-windows-ix86+x86_64 1.0.3 123.00 123.00 246.00 NOTE
r-devel-windows-ix86+x86_64-gcc8 1.0.3 161.00 189.00 350.00 NOTE
r-patched-linux-x86_64 1.0.3 OK
r-patched-solaris-x86 1.0.3 177.60 NOTE
r-release-linux-x86_64 1.0.3 48.05 63.11 111.16 OK
r-release-windows-ix86+x86_64 1.0.3 9.00 6.00 15.00 ERROR
r-release-osx-x86_64 1.0.3 NOTE
r-oldrel-windows-ix86+x86_64 1.0.3 118.00 130.00 248.00 NOTE
r-oldrel-osx-x86_64 1.0.3 NOTE

Check Details

Version: 1.0.3
Check: installed package size
Result: NOTE
     installed size is 14.2Mb
     sub-directories of 1Mb or more:
     doc 1.0Mb
     include 6.4Mb
     libs 4.8Mb
Flavors: r-devel-linux-x86_64-fedora-clang, r-devel-windows-ix86+x86_64, r-devel-windows-ix86+x86_64-gcc8, r-patched-solaris-x86, r-release-osx-x86_64, r-oldrel-windows-ix86+x86_64, r-oldrel-osx-x86_64

Version: 1.0.3
Check: foreign function calls
Result: NOTE
    Registration problem:
     symbol ‘symbol’ in the local frame:
     .Call(symbol)
    See chapter ‘System and foreign language interfaces’ in the ‘Writing R
    Extensions’ manual.
Flavors: r-devel-linux-x86_64-fedora-clang, r-devel-linux-x86_64-fedora-gcc

Version: 1.0.3
Check: whether package can be installed
Result: ERROR
    Installation failed.
Flavor: r-release-windows-ix86+x86_64