CRAN Package Check Results for Package Rcpp

Last updated on 2020-09-23 18:26:48 CEST.

Flavor Version Tinstall Tcheck Ttotal Status Flags
r-devel-linux-x86_64-debian-clang 1.0.5 59.86 71.53 131.39 OK
r-devel-linux-x86_64-debian-gcc 1.0.5 45.52 56.51 102.03 OK
r-devel-linux-x86_64-fedora-clang 1.0.5 188.61 NOTE
r-devel-linux-x86_64-fedora-gcc 1.0.5 174.04 NOTE
r-devel-windows-ix86+x86_64 1.0.5 129.00 110.00 239.00 NOTE
r-patched-linux-x86_64 1.0.5 49.26 70.16 119.42 OK
r-patched-solaris-x86 1.0.5 174.60 NOTE
r-release-linux-x86_64 1.0.5 49.12 70.58 119.70 OK
r-release-macos-x86_64 1.0.5 NOTE
r-release-windows-ix86+x86_64 1.0.5 116.00 133.00 249.00 NOTE
r-oldrel-macos-x86_64 1.0.5 NOTE
r-oldrel-windows-ix86+x86_64 1.0.5 107.00 117.00 224.00 NOTE

Check Details

Version: 1.0.5
Check: installed package size
Result: NOTE
     installed size is 15.1Mb
     sub-directories of 1Mb or more:
     doc 1.1Mb
     include 6.4Mb
     libs 5.5Mb
Flavors: r-devel-linux-x86_64-fedora-clang, r-devel-windows-ix86+x86_64, r-patched-solaris-x86, r-release-macos-x86_64, r-release-windows-ix86+x86_64, r-oldrel-macos-x86_64, r-oldrel-windows-ix86+x86_64

Version: 1.0.5
Check: foreign function calls
Result: NOTE
    Registration problem:
     symbol ‘symbol’ in the local frame:
     .Call(symbol)
    See chapter ‘System and foreign language interfaces’ in the ‘Writing R
    Extensions’ manual.
Flavors: r-devel-linux-x86_64-fedora-clang, r-devel-linux-x86_64-fedora-gcc