CRAN Package Check Results for Package RcmdrPlugin.EZR

Last updated on 2021-04-19 05:47:10 CEST.

Flavor Version Tinstall Tcheck Ttotal Status Flags
r-devel-linux-x86_64-debian-clang 1.54 53.27 237.52 290.79 OK
r-devel-linux-x86_64-debian-gcc 1.54 39.41 177.94 217.35 OK
r-devel-linux-x86_64-fedora-clang 1.54 366.87 OK
r-devel-linux-x86_64-fedora-gcc 1.54 390.28 OK
r-devel-windows-ix86+x86_64 1.54 63.00 166.00 229.00 OK
r-devel-windows-x86_64-gcc10-UCRT 1.54 OK
r-patched-linux-x86_64 1.54 51.35 209.20 260.55 OK
r-patched-solaris-x86 1.54 491.30 OK
r-release-linux-x86_64 1.54 49.96 212.58 262.54 OK
r-release-macos-x86_64 1.54 OK
r-release-windows-ix86+x86_64 1.54 74.00 218.00 292.00 OK
r-oldrel-macos-x86_64 1.54 WARN
r-oldrel-windows-ix86+x86_64 1.54 44.00 203.00 247.00 OK

Check Details

Version: 1.54
Check: whether package can be installed
Result: WARN
    Found the following significant warnings:
     Warning: 'rgl.init' failed, running with 'rgl.useNULL = TRUE'.
Flavor: r-oldrel-macos-x86_64

Version: 1.54
Check: dependencies in R code
Result: NOTE
    No protocol specified
    No protocol specified
Flavor: r-oldrel-macos-x86_64

Version: 1.54
Check: S3 generic/method consistency
Result: WARN
    No protocol specified
    No protocol specified
    See section ‘Generic functions and methods’ in the ‘Writing R
    Extensions’ manual.
Flavor: r-oldrel-macos-x86_64

Version: 1.54
Check: replacement functions
Result: WARN
    No protocol specified
    No protocol specified
    The argument of a replacement function which corresponds to the right
    hand side must be named ‘value’.
Flavor: r-oldrel-macos-x86_64

Version: 1.54
Check: foreign function calls
Result: NOTE
    No protocol specified
    No protocol specified
    See chapter ‘System and foreign language interfaces’ in the ‘Writing R
    Extensions’ manual.
Flavor: r-oldrel-macos-x86_64

Version: 1.54
Check: R code for possible problems
Result: NOTE
    No protocol specified
    No protocol specified
Flavor: r-oldrel-macos-x86_64

Version: 1.54
Check: for missing documentation entries
Result: WARN
    No protocol specified
    No protocol specified
    All user-level objects in a package should have documentation entries.
    See chapter ‘Writing R documentation files’ in the ‘Writing R
    Extensions’ manual.
Flavor: r-oldrel-macos-x86_64

Version: 1.54
Check: for code/documentation mismatches
Result: WARN
    No protocol specified
    No protocol specified
    No protocol specified
    No protocol specified
    No protocol specified
    No protocol specified
Flavor: r-oldrel-macos-x86_64

Version: 1.54
Check: Rd \usage sections
Result: NOTE
    No protocol specified
    No protocol specified
    The \usage entries for S3 methods should use the \method markup and not
    their full name.
    See chapter ‘Writing R documentation files’ in the ‘Writing R
    Extensions’ manual.
Flavor: r-oldrel-macos-x86_64