CRAN Package Check Results for Package RTransferEntropy

Last updated on 2021-05-09 17:47:02 CEST.

Flavor Version Tinstall Tcheck Ttotal Status Flags
r-devel-linux-x86_64-debian-clang 0.2.14 41.59 795.20 836.79 OK
r-devel-linux-x86_64-debian-gcc 0.2.14 23.47 515.04 538.51 OK
r-devel-linux-x86_64-fedora-clang 0.2.14 1015.34 OK
r-devel-linux-x86_64-fedora-gcc 0.2.14 1009.17 OK
r-devel-windows-ix86+x86_64 0.2.14 62.00 549.00 611.00 OK
r-devel-windows-x86_64-gcc10-UCRT 0.2.14 FAIL
r-patched-linux-x86_64 0.2.14 27.83 791.63 819.46 OK
r-patched-solaris-x86 0.2.14 1375.80 OK
r-release-linux-x86_64 0.2.14 29.20 778.12 807.32 OK
r-release-macos-x86_64 0.2.14 OK
r-release-windows-ix86+x86_64 0.2.14 59.00 465.00 524.00 OK
r-oldrel-macos-x86_64 0.2.14 OK
r-oldrel-windows-ix86+x86_64 0.2.14 82.00 560.00 642.00 OK

Check Details

Version: 0.2.14
Check: re-building of vignette outputs
Result: FAIL
Flavor: r-devel-windows-x86_64-gcc10-UCRT