CRAN Package Check Results for Package RTextTools

Last updated on 2021-04-19 17:48:41 CEST.

Flavor Version Tinstall Tcheck Ttotal Status Flags
r-devel-linux-x86_64-debian-clang 1.4.3 13.56 105.40 118.96 OK
r-devel-linux-x86_64-debian-gcc 1.4.3 10.01 86.87 96.88 OK
r-devel-linux-x86_64-fedora-clang 1.4.3 150.68 NOTE
r-devel-linux-x86_64-fedora-gcc 1.4.3 140.49 NOTE
r-devel-windows-ix86+x86_64 1.4.3 40.00 146.00 186.00 OK
r-devel-windows-x86_64-gcc10-UCRT 1.4.3 OK
r-patched-linux-x86_64 1.4.3 11.56 101.57 113.13 OK
r-patched-solaris-x86 1.4.3 243.80 OK
r-release-linux-x86_64 1.4.3 12.41 100.58 112.99 OK
r-release-macos-x86_64 1.4.3 OK
r-release-windows-ix86+x86_64 1.4.3 37.00 198.00 235.00 OK
r-oldrel-macos-x86_64 1.4.3 OK
r-oldrel-windows-ix86+x86_64 1.4.3 27.00 178.00 205.00 OK

Check Details

Version: 1.4.3
Check: compiled code
Result: NOTE
    File ‘RTextTools/libs/RTextTools.so’:
     Found no calls to: ‘R_registerRoutines’, ‘R_useDynamicSymbols’
    
    It is good practice to register native routines and to disable symbol
    search.
    
    See ‘Writing portable packages’ in the ‘Writing R Extensions’ manual.
Flavors: r-devel-linux-x86_64-fedora-clang, r-devel-linux-x86_64-fedora-gcc