CRAN Package Check Results for Package RTD

Last updated on 2024-05-29 11:52:48 CEST.

Flavor Version Tinstall Tcheck Ttotal Status Flags
r-devel-linux-x86_64-debian-clang 0.4.1 4.63 49.02 53.65 NOTE
r-devel-linux-x86_64-debian-gcc 0.4.1 4.99 37.55 42.54 NOTE
r-devel-linux-x86_64-fedora-clang 0.4.1 72.06 NOTE
r-devel-linux-x86_64-fedora-gcc 0.4.1 81.19 NOTE
r-devel-windows-x86_64 0.4.1 6.00 61.00 67.00 NOTE
r-patched-linux-x86_64 0.4.1 5.98 47.39 53.37 NOTE
r-release-linux-x86_64 0.4.1 3.57 48.54 52.11 NOTE
r-release-macos-arm64 0.4.1 34.00 NOTE
r-release-windows-x86_64 0.4.1 6.00 62.00 68.00 NOTE
r-oldrel-macos-arm64 0.4.1 36.00 NOTE
r-oldrel-macos-x86_64 0.4.1 48.00 NOTE
r-oldrel-windows-x86_64 0.4.1 8.00 68.00 76.00 NOTE

Check Details

Version: 0.4.1
Check: LazyData
Result: NOTE 'LazyData' is specified without a 'data' directory Flavors: r-devel-linux-x86_64-debian-clang, r-devel-linux-x86_64-debian-gcc, r-devel-linux-x86_64-fedora-clang, r-devel-linux-x86_64-fedora-gcc, r-devel-windows-x86_64, r-patched-linux-x86_64, r-release-linux-x86_64, r-release-macos-arm64, r-release-windows-x86_64, r-oldrel-macos-arm64, r-oldrel-macos-x86_64, r-oldrel-windows-x86_64