CRAN Package Check Results for Package RPyGeo

Last updated on 2024-05-23 00:59:20 CEST.

Flavor Version Tinstall Tcheck Ttotal Status Flags
r-devel-linux-x86_64-debian-clang 1.0.0 2.07 45.04 47.11 NOTE
r-devel-linux-x86_64-debian-gcc 1.0.0 2.03 33.13 35.16 NOTE
r-devel-linux-x86_64-fedora-clang 1.0.0 59.40 NOTE
r-devel-linux-x86_64-fedora-gcc 1.0.0 70.60 NOTE
r-devel-windows-x86_64 1.0.0 4.00 56.00 60.00 NOTE
r-patched-linux-x86_64 1.0.0 2.42 42.65 45.07 NOTE
r-release-linux-x86_64 1.0.0 2.82 43.14 45.96 NOTE
r-release-macos-arm64 1.0.0 25.00 NOTE
r-release-windows-x86_64 1.0.0 4.00 57.00 61.00 NOTE
r-oldrel-macos-arm64 1.0.0 27.00 NOTE
r-oldrel-macos-x86_64 1.0.0 39.00 NOTE
r-oldrel-windows-x86_64 1.0.0 5.00 61.00 66.00 NOTE

Check Details

Version: 1.0.0
Check: LazyData
Result: NOTE 'LazyData' is specified without a 'data' directory Flavors: r-devel-linux-x86_64-debian-clang, r-devel-linux-x86_64-debian-gcc, r-devel-linux-x86_64-fedora-clang, r-devel-linux-x86_64-fedora-gcc, r-devel-windows-x86_64, r-patched-linux-x86_64, r-release-linux-x86_64, r-release-macos-arm64, r-release-windows-x86_64, r-oldrel-macos-arm64, r-oldrel-macos-x86_64, r-oldrel-windows-x86_64