CRAN Package Check Results for Package ROP

Last updated on 2021-05-08 05:57:20 CEST.

Flavor Version Tinstall Tcheck Ttotal Status Flags
r-devel-linux-x86_64-debian-clang 1.0 2.79 31.92 34.71 OK
r-devel-linux-x86_64-debian-gcc 1.0 2.14 24.76 26.90 OK
r-devel-linux-x86_64-fedora-clang 1.0 54.76 OK
r-devel-linux-x86_64-fedora-gcc 1.0 41.38 OK
r-devel-windows-ix86+x86_64 1.0 5.00 49.00 54.00 OK
r-devel-windows-x86_64-gcc10-UCRT 1.0 OK
r-patched-linux-x86_64 1.0 2.45 31.73 34.18 OK
r-patched-solaris-x86 1.0 60.40 OK
r-release-linux-x86_64 1.0 2.43 30.84 33.27 OK
r-release-macos-x86_64 1.0 OK
r-release-windows-ix86+x86_64 1.0 7.00 36.00 43.00 OK
r-oldrel-macos-x86_64 1.0 OK
r-oldrel-windows-ix86+x86_64 1.0 4.00 11.00 15.00 ERROR

Check Details

Version: 1.0
Check: whether package can be installed
Result: ERROR
    Installation failed.
    See 'd:/Rcompile/CRANpkg/local/3.6/ROP.Rcheck/00install.out'
Flavor: r-oldrel-windows-ix86+x86_64