CRAN Package Check Results for Package RNGforGPD

Last updated on 2021-04-23 00:49:01 CEST.

Flavor Version Tinstall Tcheck Ttotal Status Flags
r-devel-linux-x86_64-debian-clang 1.1.0 6.63 94.76 101.39 NOTE
r-devel-linux-x86_64-debian-gcc 1.1.0 6.32 72.80 79.12 NOTE
r-devel-linux-x86_64-fedora-clang 1.1.0 128.32 NOTE
r-devel-linux-x86_64-fedora-gcc 1.1.0 131.75 NOTE
r-devel-windows-ix86+x86_64 1.1.0 17.00 121.00 138.00 NOTE
r-devel-windows-x86_64-gcc10-UCRT 1.1.0 NOTE
r-patched-linux-x86_64 1.1.0 7.49 94.74 102.23 OK
r-patched-solaris-x86 1.1.0 197.50 OK
r-release-linux-x86_64 1.1.0 7.11 93.56 100.67 OK
r-release-macos-x86_64 1.1.0 OK
r-release-windows-ix86+x86_64 1.1.0 17.00 101.00 118.00 OK
r-oldrel-macos-x86_64 1.1.0 OK
r-oldrel-windows-ix86+x86_64 1.1.0 12.00 117.00 129.00 OK

Check Details

Version: 1.1.0
Check: LazyData
Result: NOTE
     'LazyData' is specified without a 'data' directory
Flavors: r-devel-linux-x86_64-debian-clang, r-devel-linux-x86_64-debian-gcc, r-devel-linux-x86_64-fedora-clang, r-devel-linux-x86_64-fedora-gcc, r-devel-windows-ix86+x86_64, r-devel-windows-x86_64-gcc10-UCRT