CRAN Package Check Results for Package RMixtCompIO

Last updated on 2020-01-25 04:47:05 CET.

Flavor Version Tinstall Tcheck Ttotal Status Flags
r-devel-linux-x86_64-debian-clang 4.0.2 331.67 168.90 500.57 OK
r-devel-linux-x86_64-debian-gcc 4.0.2 239.15 132.37 371.52 OK
r-devel-linux-x86_64-fedora-clang 4.0.2 699.29 NOTE
r-devel-linux-x86_64-fedora-gcc 4.0.2 661.68 OK
r-devel-windows-ix86+x86_64 4.0.2 869.00 429.00 1298.00 OK
r-devel-windows-ix86+x86_64-gcc8 4.0.2 875.00 362.00 1237.00 OK
r-patched-linux-x86_64 4.0.2 255.81 159.40 415.21 OK
r-patched-solaris-x86 4.0.2 659.70 OK
r-release-linux-x86_64 4.0.2 258.90 158.71 417.61 OK
r-release-windows-ix86+x86_64 4.0.2 762.00 409.00 1171.00 OK
r-release-osx-x86_64 4.0.2 NOTE
r-oldrel-windows-ix86+x86_64 4.0.2 617.00 337.00 954.00 OK
r-oldrel-osx-x86_64 4.0.2 NOTE

Check Details

Version: 4.0.2
Check: package dependencies
Result: NOTE
    Suggests orphaned package: ‘Rmixmod’
Flavor: r-devel-linux-x86_64-fedora-clang

Version: 4.0.2
Check: installed package size
Result: NOTE
     installed size is 32.3Mb
     sub-directories of 1Mb or more:
     libs 32.1Mb
Flavors: r-devel-linux-x86_64-fedora-clang, r-release-osx-x86_64, r-oldrel-osx-x86_64