CRAN Package Check Results for Package RMixtCompIO

Last updated on 2020-08-06 17:49:31 CEST.

Flavor Version Tinstall Tcheck Ttotal Status Flags
r-devel-linux-x86_64-debian-clang 4.0.5 363.40 169.29 532.69 OK
r-devel-linux-x86_64-debian-gcc 4.0.5 274.99 133.13 408.12 OK
r-devel-linux-x86_64-fedora-clang 4.0.5 750.88 NOTE
r-devel-linux-x86_64-fedora-gcc 4.0.5 678.50 OK
r-devel-windows-ix86+x86_64 4.0.5 942.00 387.00 1329.00 OK
r-patched-linux-x86_64 4.0.5 296.88 166.73 463.61 OK
r-patched-solaris-x86 4.0.5 645.90 OK
r-release-linux-x86_64 4.0.5 281.74 166.68 448.42 OK
r-release-macos-x86_64 4.0.5 NOTE
r-release-windows-ix86+x86_64 4.0.5 874.00 448.00 1322.00 OK
r-oldrel-macos-x86_64 4.0.5 NOTE
r-oldrel-windows-ix86+x86_64 4.0.5 628.00 400.00 1028.00 OK

Check Details

Version: 4.0.5
Check: installed package size
Result: NOTE
     installed size is 36.1Mb
     sub-directories of 1Mb or more:
     libs 35.9Mb
Flavors: r-devel-linux-x86_64-fedora-clang, r-release-macos-x86_64, r-oldrel-macos-x86_64