CRAN Package Check Results for Package REEMtree

Last updated on 2021-04-21 05:48:48 CEST.

Flavor Version Tinstall Tcheck Ttotal Status Flags
r-devel-linux-x86_64-debian-clang 0.90.4 2.71 36.24 38.95 OK
r-devel-linux-x86_64-debian-gcc 0.90.4 2.02 27.87 29.89 OK
r-devel-linux-x86_64-fedora-clang 0.90.4 56.20 OK
r-devel-linux-x86_64-fedora-gcc 0.90.4 47.01 OK
r-devel-windows-ix86+x86_64 0.90.4 7.00 43.00 50.00 OK
r-devel-windows-x86_64-gcc10-UCRT 0.90.4 OK
r-patched-linux-x86_64 0.90.4 3.16 34.75 37.91 WARN
r-patched-solaris-x86 0.90.4 69.00 OK
r-release-linux-x86_64 0.90.4 2.86 34.87 37.73 OK
r-release-macos-x86_64 0.90.4 OK
r-release-windows-ix86+x86_64 0.90.4 6.00 43.00 49.00 OK
r-oldrel-macos-x86_64 0.90.4 OK
r-oldrel-windows-ix86+x86_64 0.90.4 4.00 55.00 59.00 OK

Check Details

Version: 0.90.4
Check: whether package can be installed
Result: WARN
    Found the following significant warnings:
     Rd warning: /tmp/RtmpVhKpgz/R.INSTALL508169ed6c4f/REEMtree/man/fitted.REEMtree.Rd:20: file link ‘fitted’ in package ‘stats’ does not exist and so has been treated as a topic
Flavor: r-patched-linux-x86_64