CRAN Package Check Results for Package QUALYPSO

Last updated on 2021-04-21 05:48:47 CEST.

Flavor Version Tinstall Tcheck Ttotal Status Flags
r-devel-linux-x86_64-debian-clang 1.2 3.83 37.30 41.13 NOTE
r-devel-linux-x86_64-debian-gcc 1.2 2.87 29.10 31.97 NOTE
r-devel-linux-x86_64-fedora-clang 1.2 58.31 NOTE
r-devel-linux-x86_64-fedora-gcc 1.2 50.05 NOTE
r-devel-windows-ix86+x86_64 1.2 9.00 41.00 50.00 NOTE
r-devel-windows-x86_64-gcc10-UCRT 1.2 NOTE
r-patched-linux-x86_64 1.2 3.95 35.90 39.85 WARN
r-patched-solaris-x86 1.2 76.80 NOTE
r-release-linux-x86_64 1.2 3.90 35.49 39.39 OK
r-release-macos-x86_64 1.2 NOTE
r-release-windows-ix86+x86_64 1.2 8.00 56.00 64.00 OK
r-oldrel-macos-x86_64 1.2 NOTE
r-oldrel-windows-ix86+x86_64 1.2 7.00 56.00 63.00 OK

Check Details

Version: 1.2
Check: LazyData
Result: NOTE
     'LazyData' is specified without a 'data' directory
Flavors: r-devel-linux-x86_64-debian-clang, r-devel-linux-x86_64-debian-gcc, r-devel-linux-x86_64-fedora-clang, r-devel-linux-x86_64-fedora-gcc, r-devel-windows-ix86+x86_64, r-devel-windows-x86_64-gcc10-UCRT

Version: 1.2
Check: dependencies in R code
Result: NOTE
    Namespace in Imports field not imported from: ‘methods’
     All declared Imports should be used.
Flavors: r-devel-linux-x86_64-fedora-clang, r-devel-linux-x86_64-fedora-gcc, r-devel-windows-x86_64-gcc10-UCRT, r-patched-solaris-x86, r-release-macos-x86_64, r-oldrel-macos-x86_64

Version: 1.2
Check: whether package can be installed
Result: WARN
    Found the following significant warnings:
     Rd warning: /tmp/RtmpE6Smdj/R.INSTALL5f6c38de3b3b/QUALYPSO/man/plotQUALYPSOTotalVarianceByScenario.Rd:30: file link ‘plot’ in package ‘graphics’ does not exist and so has been treated as a topic
     Rd warning: /tmp/RtmpE6Smdj/R.INSTALL5f6c38de3b3b/QUALYPSO/man/plotQUALYPSOTotalVarianceDecomposition.Rd:25: file link ‘plot’ in package ‘graphics’ does not exist and so has been treated as a topic
     Rd warning: /tmp/RtmpE6Smdj/R.INSTALL5f6c38de3b3b/QUALYPSO/man/plotQUALYPSOeffect.Rd:30: file link ‘plot’ in package ‘graphics’ does not exist and so has been treated as a topic
     Rd warning: /tmp/RtmpE6Smdj/R.INSTALL5f6c38de3b3b/QUALYPSO/man/plotQUALYPSOgrandmean.Rd:26: file link ‘plot’ in package ‘graphics’ does not exist and so has been treated as a topic
Flavor: r-patched-linux-x86_64