CRAN Package Check Results for Package PriorCD

Last updated on 2021-05-08 05:57:17 CEST.

Flavor Version Tinstall Tcheck Ttotal Status Flags
r-devel-linux-x86_64-debian-clang 0.1.0 6.00 56.04 62.04 NOTE
r-devel-linux-x86_64-debian-gcc 0.1.0 4.96 42.17 47.13 NOTE
r-devel-linux-x86_64-fedora-clang 0.1.0 82.96 NOTE
r-devel-linux-x86_64-fedora-gcc 0.1.0 72.41 NOTE
r-devel-windows-ix86+x86_64 0.1.0 28.00 77.00 105.00 NOTE
r-devel-windows-x86_64-gcc10-UCRT 0.1.0 OK
r-patched-linux-x86_64 0.1.0 6.11 52.91 59.02 NOTE
r-patched-solaris-x86 0.1.0 114.60 NOTE
r-release-linux-x86_64 0.1.0 5.26 52.70 57.96 NOTE
r-release-macos-x86_64 0.1.0 OK
r-release-windows-ix86+x86_64 0.1.0 12.00 60.00 72.00 NOTE
r-oldrel-macos-x86_64 0.1.0 OK
r-oldrel-windows-ix86+x86_64 0.1.0 12.00 70.00 82.00 OK

Check Details

Version: 0.1.0
Check: package vignettes
Result: NOTE
    Package vignette with placeholder title 'Vignette Title':
     'priorcd.Rmd'
Flavors: r-devel-linux-x86_64-debian-clang, r-devel-linux-x86_64-debian-gcc, r-devel-windows-ix86+x86_64, r-patched-linux-x86_64, r-release-linux-x86_64, r-release-windows-ix86+x86_64

Version: 0.1.0
Check: for non-standard things in the check directory
Result: NOTE
    Found the following files/directories:
     'network.html' 'network_files'
Flavors: r-devel-linux-x86_64-debian-clang, r-devel-linux-x86_64-debian-gcc, r-devel-linux-x86_64-fedora-clang, r-devel-linux-x86_64-fedora-gcc, r-patched-linux-x86_64, r-patched-solaris-x86, r-release-linux-x86_64