CRAN Package Check Results for Package PredictABEL

Last updated on 2021-05-08 05:57:16 CEST.

Flavor Version Tinstall Tcheck Ttotal Status Flags
r-devel-linux-x86_64-debian-clang 1.2-4 12.86 118.73 131.59 OK
r-devel-linux-x86_64-debian-gcc 1.2-4 9.58 88.14 97.72 OK
r-devel-linux-x86_64-fedora-clang 1.2-4 170.18 NOTE
r-devel-linux-x86_64-fedora-gcc 1.2-4 155.06 NOTE
r-devel-windows-ix86+x86_64 1.2-4 43.00 138.00 181.00 OK
r-devel-windows-x86_64-gcc10-UCRT 1.2-4 NOTE
r-patched-linux-x86_64 1.2-4 13.18 113.32 126.50 OK
r-patched-solaris-x86 1.2-4 242.80 NOTE
r-release-linux-x86_64 1.2-4 11.80 109.55 121.35 OK
r-release-macos-x86_64 1.2-4 NOTE
r-release-windows-ix86+x86_64 1.2-4 19.00 113.00 132.00 OK
r-oldrel-macos-x86_64 1.2-4 WARN
r-oldrel-windows-ix86+x86_64 1.2-4 26.00 0.00 26.00 ERROR

Check Details

Version: 1.2-4
Check: dependencies in R code
Result: NOTE
    Namespace in Imports field not imported from: ‘lazyeval’
     All declared Imports should be used.
Flavors: r-devel-linux-x86_64-fedora-clang, r-devel-linux-x86_64-fedora-gcc, r-devel-windows-x86_64-gcc10-UCRT, r-patched-solaris-x86, r-release-macos-x86_64

Version: 1.2-4
Check: dependencies in R code
Result: NOTE
    No protocol specified
    No protocol specified
    Namespace in Imports field not imported from: ‘lazyeval’
     All declared Imports should be used.
Flavor: r-oldrel-macos-x86_64

Version: 1.2-4
Check: S3 generic/method consistency
Result: WARN
    No protocol specified
    No protocol specified
    See section ‘Generic functions and methods’ in the ‘Writing R
    Extensions’ manual.
Flavor: r-oldrel-macos-x86_64

Version: 1.2-4
Check: replacement functions
Result: WARN
    No protocol specified
    No protocol specified
    The argument of a replacement function which corresponds to the right
    hand side must be named ‘value’.
Flavor: r-oldrel-macos-x86_64

Version: 1.2-4
Check: foreign function calls
Result: NOTE
    No protocol specified
    No protocol specified
    See chapter ‘System and foreign language interfaces’ in the ‘Writing R
    Extensions’ manual.
Flavor: r-oldrel-macos-x86_64

Version: 1.2-4
Check: R code for possible problems
Result: NOTE
    No protocol specified
    No protocol specified
Flavor: r-oldrel-macos-x86_64

Version: 1.2-4
Check: for missing documentation entries
Result: WARN
    No protocol specified
    No protocol specified
    All user-level objects in a package should have documentation entries.
    See chapter ‘Writing R documentation files’ in the ‘Writing R
    Extensions’ manual.
Flavor: r-oldrel-macos-x86_64

Version: 1.2-4
Check: for code/documentation mismatches
Result: WARN
    No protocol specified
    No protocol specified
    No protocol specified
    No protocol specified
    No protocol specified
    No protocol specified
Flavor: r-oldrel-macos-x86_64

Version: 1.2-4
Check: Rd \usage sections
Result: NOTE
    No protocol specified
    No protocol specified
    The \usage entries for S3 methods should use the \method markup and not
    their full name.
    See chapter ‘Writing R documentation files’ in the ‘Writing R
    Extensions’ manual.
Flavor: r-oldrel-macos-x86_64

Version: 1.2-4
Check: whether package can be installed
Result: ERROR
    Installation failed.
Flavor: r-oldrel-windows-ix86+x86_64