Last updated on 2021-04-21 05:48:46 CEST.
Flavor | Version | Tinstall | Tcheck | Ttotal | Status | Flags |
---|---|---|---|---|---|---|
r-devel-linux-x86_64-debian-clang | 0.4 | 2.90 | 21.32 | 24.22 | NOTE | |
r-devel-linux-x86_64-debian-gcc | 0.4 | 2.19 | 16.99 | 19.18 | NOTE | |
r-devel-linux-x86_64-fedora-clang | 0.4 | 39.63 | NOTE | |||
r-devel-linux-x86_64-fedora-gcc | 0.4 | 29.33 | NOTE | |||
r-devel-windows-ix86+x86_64 | 0.4 | 10.00 | 34.00 | 44.00 | NOTE | |
r-devel-windows-x86_64-gcc10-UCRT | 0.4 | NOTE | ||||
r-patched-linux-x86_64 | 0.4 | 2.70 | 20.83 | 23.53 | OK | |
r-patched-solaris-x86 | 0.4 | 45.50 | OK | |||
r-release-linux-x86_64 | 0.4 | 2.30 | 20.96 | 23.26 | OK | |
r-release-macos-x86_64 | 0.4 | OK | ||||
r-release-windows-ix86+x86_64 | 0.4 | 10.00 | 37.00 | 47.00 | OK | |
r-oldrel-macos-x86_64 | 0.4 | OK | ||||
r-oldrel-windows-ix86+x86_64 | 0.4 | 7.00 | 44.00 | 51.00 | OK |
Version: 0.4
Check: LazyData
Result: NOTE
'LazyData' is specified without a 'data' directory
Flavors: r-devel-linux-x86_64-debian-clang, r-devel-linux-x86_64-debian-gcc, r-devel-linux-x86_64-fedora-clang, r-devel-linux-x86_64-fedora-gcc, r-devel-windows-ix86+x86_64, r-devel-windows-x86_64-gcc10-UCRT