CRAN Package Check Results for Package PortfolioOptim

Last updated on 2024-04-15 11:56:32 CEST.

Flavor Version Tinstall Tcheck Ttotal Status Flags
r-devel-linux-x86_64-debian-clang 1.1.1 1.90 28.13 30.03 NOTE
r-devel-linux-x86_64-debian-gcc 1.1.1 2.11 21.86 23.97 NOTE
r-devel-linux-x86_64-fedora-clang 1.1.1 40.37 NOTE
r-devel-linux-x86_64-fedora-gcc 1.1.1 38.70 NOTE
r-prerel-macos-arm64 1.1.1 17.00 NOTE
r-prerel-windows-x86_64 1.1.1 3.00 43.00 46.00 NOTE
r-patched-linux-x86_64 1.1.1 2.79 27.34 30.13 NOTE
r-release-linux-x86_64 1.1.1 2.39 26.68 29.07 NOTE
r-release-macos-arm64 1.1.1 19.00 NOTE
r-release-macos-x86_64 1.1.1 24.00 NOTE
r-release-windows-x86_64 1.1.1 3.00 42.00 45.00 NOTE
r-oldrel-macos-arm64 1.1.1 18.00 NOTE
r-oldrel-windows-x86_64 1.1.1 5.00 51.00 56.00 NOTE

Check Details

Version: 1.1.1
Check: LazyData
Result: NOTE 'LazyData' is specified without a 'data' directory Flavors: r-devel-linux-x86_64-debian-clang, r-devel-linux-x86_64-debian-gcc, r-devel-linux-x86_64-fedora-clang, r-devel-linux-x86_64-fedora-gcc, r-prerel-macos-arm64, r-prerel-windows-x86_64, r-patched-linux-x86_64, r-release-linux-x86_64, r-release-macos-arm64, r-release-macos-x86_64, r-release-windows-x86_64, r-oldrel-macos-arm64, r-oldrel-windows-x86_64