CRAN Package Check Results for Package Plasmidprofiler

Last updated on 2020-09-27 17:49:30 CEST.

Flavor Version Tinstall Tcheck Ttotal Status Flags
r-devel-linux-x86_64-debian-clang 0.1.6 6.82 60.22 67.04 NOTE
r-devel-linux-x86_64-debian-gcc 0.1.6 5.47 45.82 51.29 NOTE
r-devel-linux-x86_64-fedora-clang 0.1.6 90.98 NOTE
r-devel-linux-x86_64-fedora-gcc 0.1.6 78.65 NOTE
r-devel-windows-ix86+x86_64 0.1.6 16.00 85.00 101.00 OK
r-patched-linux-x86_64 0.1.6 6.53 55.65 62.18 NOTE
r-patched-solaris-x86 0.1.6 113.50 NOTE
r-release-linux-x86_64 0.1.6 7.56 57.67 65.23 NOTE
r-release-macos-x86_64 0.1.6 OK
r-release-windows-ix86+x86_64 0.1.6 18.00 94.00 112.00 OK
r-oldrel-macos-x86_64 0.1.6 OK
r-oldrel-windows-ix86+x86_64 0.1.6 14.00 86.00 100.00 OK

Check Details

Version: 0.1.6
Check: for non-standard things in the check directory
Result: NOTE
    Found the following files/directories:
     'P2Run.csv' 'P2Run.html' 'P2Run.png'
Flavors: r-devel-linux-x86_64-debian-clang, r-devel-linux-x86_64-debian-gcc, r-devel-linux-x86_64-fedora-clang, r-devel-linux-x86_64-fedora-gcc, r-patched-linux-x86_64, r-release-linux-x86_64

Version: 0.1.6
Check: for non-standard things in the check directory
Result: NOTE
    Found the following files/directories:
     ‘P2Run.csv’ ‘P2Run.png’
Flavor: r-patched-solaris-x86