CRAN Package Check Results for Package PhyInformR

Last updated on 2020-01-25 04:46:57 CET.

Flavor Version Tinstall Tcheck Ttotal Status Flags
r-devel-linux-x86_64-debian-clang 1.0 11.49 78.85 90.34 NOTE
r-devel-linux-x86_64-debian-gcc 1.0 9.90 60.40 70.30 NOTE
r-devel-linux-x86_64-fedora-clang 1.0 124.63 WARN
r-devel-linux-x86_64-fedora-gcc 1.0 121.18 NOTE
r-devel-windows-ix86+x86_64 1.0 25.00 122.00 147.00 OK
r-devel-windows-ix86+x86_64-gcc8 1.0 40.00 83.00 123.00 OK
r-patched-linux-x86_64 1.0 10.47 72.12 82.59 OK
r-patched-solaris-x86 1.0 152.00 NOTE
r-release-linux-x86_64 1.0 10.15 71.83 81.98 OK
r-release-windows-ix86+x86_64 1.0 20.00 103.00 123.00 OK
r-release-osx-x86_64 1.0 FAIL
r-oldrel-windows-ix86+x86_64 1.0 13.00 72.00 85.00 OK
r-oldrel-osx-x86_64 1.0 NOTE

Check Details

Version: 1.0
Check: for non-standard things in the check directory
Result: NOTE
    Found the following files/directories:
     'output_values'
Flavors: r-devel-linux-x86_64-debian-clang, r-devel-linux-x86_64-debian-gcc, r-devel-linux-x86_64-fedora-clang, r-devel-linux-x86_64-fedora-gcc

Version: 1.0
Check: package dependencies
Result: WARN
    Requires orphaned package: ‘gplots’
Flavor: r-devel-linux-x86_64-fedora-clang

Version: 1.0
Check: dependencies in R code
Result: NOTE
    Namespaces in Imports field not imported from:
     ‘gplots’ ‘phytools’
     All declared Imports should be used.
Flavors: r-devel-linux-x86_64-fedora-clang, r-devel-linux-x86_64-fedora-gcc, r-patched-solaris-x86, r-oldrel-osx-x86_64

Version: 1.0
Check: whether package can be installed
Result: FAIL
Flavor: r-release-osx-x86_64