CRAN Package Check Results for Package PhyInformR

Last updated on 2020-08-06 17:49:28 CEST.

Flavor Version Tinstall Tcheck Ttotal Status Flags
r-devel-linux-x86_64-debian-clang 1.0 16.63 125.23 141.86 NOTE
r-devel-linux-x86_64-debian-gcc 1.0 11.91 93.54 105.45 NOTE
r-devel-linux-x86_64-fedora-clang 1.0 174.90 NOTE
r-devel-linux-x86_64-fedora-gcc 1.0 162.98 NOTE
r-devel-windows-ix86+x86_64 1.0 55.00 122.00 177.00 OK
r-patched-linux-x86_64 1.0 15.52 120.05 135.57 NOTE
r-patched-solaris-x86 1.0 268.00 NOTE
r-release-linux-x86_64 1.0 15.71 117.70 133.41 NOTE
r-release-macos-x86_64 1.0 NOTE
r-release-windows-ix86+x86_64 1.0 44.00 134.00 178.00 OK
r-oldrel-macos-x86_64 1.0 FAIL
r-oldrel-windows-ix86+x86_64 1.0 24.00 113.00 137.00 OK

Check Details

Version: 1.0
Check: for non-standard things in the check directory
Result: NOTE
    Found the following files/directories:
     'output_values'
Flavors: r-devel-linux-x86_64-debian-clang, r-devel-linux-x86_64-debian-gcc, r-devel-linux-x86_64-fedora-clang, r-devel-linux-x86_64-fedora-gcc, r-patched-linux-x86_64, r-patched-solaris-x86, r-release-linux-x86_64

Version: 1.0
Check: dependencies in R code
Result: NOTE
    Namespaces in Imports field not imported from:
     ‘gplots’ ‘phytools’
     All declared Imports should be used.
Flavors: r-devel-linux-x86_64-fedora-clang, r-devel-linux-x86_64-fedora-gcc, r-patched-solaris-x86, r-release-macos-x86_64

Version: 1.0
Check: whether package can be installed
Result: FAIL
Flavor: r-oldrel-macos-x86_64