CRAN Package Check Results for Package PNSIBGE

Last updated on 2021-04-22 11:50:25 CEST.

Flavor Version Tinstall Tcheck Ttotal Status Flags
r-devel-linux-x86_64-debian-clang 0.1.1 11.64 97.50 109.14 NOTE
r-devel-linux-x86_64-debian-gcc 0.1.1 9.14 73.12 82.26 NOTE
r-devel-linux-x86_64-fedora-clang 0.1.1 136.16 NOTE
r-devel-linux-x86_64-fedora-gcc 0.1.1 125.39 NOTE
r-devel-windows-ix86+x86_64 0.1.1 26.00 117.00 143.00 NOTE
r-devel-windows-x86_64-gcc10-UCRT 0.1.1 NOTE
r-patched-linux-x86_64 0.1.1 13.36 88.16 101.52 OK
r-patched-solaris-x86 0.1.1 182.20 OK
r-release-linux-x86_64 0.1.1 11.09 87.37 98.46 OK
r-release-macos-x86_64 0.1.1 OK
r-release-windows-ix86+x86_64 0.1.1 26.00 117.00 143.00 OK
r-oldrel-macos-x86_64 0.1.1 OK
r-oldrel-windows-ix86+x86_64 0.1.1 28.00 107.00 135.00 OK

Additional issues

donttest

Check Details

Version: 0.1.1
Check: LazyData
Result: NOTE
     'LazyData' is specified without a 'data' directory
Flavors: r-devel-linux-x86_64-debian-clang, r-devel-linux-x86_64-debian-gcc, r-devel-linux-x86_64-fedora-clang, r-devel-linux-x86_64-fedora-gcc, r-devel-windows-ix86+x86_64, r-devel-windows-x86_64-gcc10-UCRT