CRAN Package Check Results for Package PBIR

Last updated on 2024-05-23 11:49:35 CEST.

Flavor Version Tinstall Tcheck Ttotal Status Flags
r-devel-linux-x86_64-debian-clang 0.1-0 8.48 82.17 90.65 NOTE
r-devel-linux-x86_64-debian-gcc 0.1-0 5.81 60.85 66.66 NOTE
r-devel-linux-x86_64-fedora-clang 0.1-0 114.47 NOTE
r-devel-linux-x86_64-fedora-gcc 0.1-0 118.47 NOTE
r-devel-windows-x86_64 0.1-0 7.00 92.00 99.00 NOTE
r-patched-linux-x86_64 0.1-0 5.40 76.05 81.45 NOTE
r-release-linux-x86_64 0.1-0 6.74 76.45 83.19 NOTE
r-release-macos-arm64 0.1-0 42.00 NOTE
r-release-windows-x86_64 0.1-0 8.00 94.00 102.00 NOTE
r-oldrel-macos-arm64 0.1-0 46.00 NOTE
r-oldrel-macos-x86_64 0.1-0 62.00 NOTE
r-oldrel-windows-x86_64 0.1-0 9.00 102.00 111.00 NOTE

Check Details

Version: 0.1-0
Check: LazyData
Result: NOTE 'LazyData' is specified without a 'data' directory Flavors: r-devel-linux-x86_64-debian-clang, r-devel-linux-x86_64-debian-gcc, r-devel-linux-x86_64-fedora-clang, r-devel-linux-x86_64-fedora-gcc, r-devel-windows-x86_64, r-patched-linux-x86_64, r-release-linux-x86_64, r-release-macos-arm64, r-release-windows-x86_64, r-oldrel-macos-arm64, r-oldrel-macos-x86_64, r-oldrel-windows-x86_64