CRAN Package Check Results for Package OptHedging

Last updated on 2024-04-15 17:55:02 CEST.

Flavor Version Tinstall Tcheck Ttotal Status Flags
r-devel-linux-x86_64-debian-clang 1.0 2.37 23.36 25.73 NOTE
r-devel-linux-x86_64-debian-gcc 1.0 1.73 19.96 21.69 NOTE
r-devel-linux-x86_64-fedora-clang 1.0 33.16 NOTE
r-devel-linux-x86_64-fedora-gcc 1.0 36.83 NOTE
r-prerel-macos-arm64 1.0 16.00 NOTE
r-prerel-windows-x86_64 1.0 5.00 40.00 45.00 NOTE
r-patched-linux-x86_64 1.0 2.39 26.57 28.96 NOTE
r-release-linux-x86_64 1.0 2.73 26.53 29.26 NOTE
r-release-macos-arm64 1.0 18.00 NOTE
r-release-macos-x86_64 1.0 22.00 NOTE
r-release-windows-x86_64 1.0 5.00 43.00 48.00 NOTE
r-oldrel-macos-arm64 1.0 17.00 NOTE
r-oldrel-windows-x86_64 1.0 6.00 50.00 56.00 NOTE

Check Details

Version: 1.0
Check: DESCRIPTION meta-information
Result: NOTE Malformed Title field: should not end in a period. Flavors: r-devel-linux-x86_64-debian-clang, r-devel-linux-x86_64-debian-gcc, r-devel-linux-x86_64-fedora-clang, r-devel-linux-x86_64-fedora-gcc, r-prerel-macos-arm64, r-prerel-windows-x86_64, r-patched-linux-x86_64, r-release-linux-x86_64, r-release-macos-arm64, r-release-macos-x86_64, r-release-windows-x86_64, r-oldrel-macos-arm64, r-oldrel-windows-x86_64

Version: 1.0
Check: compiled code
Result: NOTE File ‘OptHedging/libs/OptHedging.so’: Found no calls to: ‘R_registerRoutines’, ‘R_useDynamicSymbols’ It is good practice to register native routines and to disable symbol search. See ‘Writing portable packages’ in the ‘Writing R Extensions’ manual. Flavors: r-devel-linux-x86_64-fedora-clang, r-devel-linux-x86_64-fedora-gcc