CRAN Package Check Results for Package OpenRepGrid.ic

Last updated on 2021-05-18 17:48:18 CEST.

Flavor Version Tinstall Tcheck Ttotal Status Flags
r-devel-linux-x86_64-debian-clang 0.5.0 7.30 75.82 83.12 OK
r-devel-linux-x86_64-debian-gcc 0.5.0 5.54 56.36 61.90 OK
r-devel-linux-x86_64-fedora-clang 0.5.0 107.13 NOTE
r-devel-linux-x86_64-fedora-gcc 0.5.0 96.26 NOTE
r-devel-windows-ix86+x86_64 0.5.0 20.00 91.00 111.00 OK
r-devel-windows-x86_64-gcc10-UCRT 0.5.0 NOTE
r-patched-linux-x86_64 0.5.0 7.04 70.64 77.68 OK
r-patched-solaris-x86 0.5.0 147.40 NOTE
r-release-linux-x86_64 0.5.0 7.20 71.54 78.74 OK
r-release-macos-x86_64 0.5.0 NOTE
r-release-windows-ix86+x86_64 0.5.0 13.00 69.00 82.00 OK
r-oldrel-macos-x86_64 0.5.0 NOTE
r-oldrel-windows-ix86+x86_64 0.5.0 11.00 98.00 109.00 OK

Check Details

Version: 0.5.0
Check: package dependencies
Result: NOTE
    Imports includes 24 non-default packages.
    Importing from so many packages makes the package vulnerable to any of
    them becoming unavailable. Move as many as possible to Suggests and
    use conditionally.
Flavor: r-devel-linux-x86_64-fedora-clang

Version: 0.5.0
Check: dependencies in R code
Result: NOTE
    Namespaces in Imports field not imported from:
     ‘formattable’ ‘rintrojs’ ‘shinyBS’ ‘shinyFeedback’ ‘shinyWidgets’
     ‘shinycssloaders’ ‘shinydashboard’ ‘shinydashboardPlus’ ‘shinyjs’
     ‘shinythemes’ ‘splines’ ‘testthat’ ‘tidyverse’
     All declared Imports should be used.
Flavors: r-devel-linux-x86_64-fedora-clang, r-devel-linux-x86_64-fedora-gcc, r-devel-windows-x86_64-gcc10-UCRT, r-patched-solaris-x86, r-release-macos-x86_64, r-oldrel-macos-x86_64