CRAN Package Check Results for Package Omisc

Last updated on 2021-05-08 00:47:13 CEST.

Flavor Version Tinstall Tcheck Ttotal Status Flags
r-devel-linux-x86_64-debian-clang 0.1.4 4.01 55.08 59.09 NOTE
r-devel-linux-x86_64-debian-gcc 0.1.4 2.96 41.34 44.30 NOTE
r-devel-linux-x86_64-fedora-clang 0.1.4 79.63 NOTE
r-devel-linux-x86_64-fedora-gcc 0.1.4 72.85 NOTE
r-devel-windows-ix86+x86_64 0.1.4 8.00 82.00 90.00 NOTE
r-devel-windows-x86_64-gcc10-UCRT 0.1.4 NOTE
r-patched-linux-x86_64 0.1.4 3.53 52.80 56.33 NOTE
r-patched-solaris-x86 0.1.4 102.70 NOTE
r-release-linux-x86_64 0.1.4 3.70 53.20 56.90 OK
r-release-macos-x86_64 0.1.4 NOTE
r-release-windows-ix86+x86_64 0.1.4 7.00 61.00 68.00 OK
r-oldrel-macos-x86_64 0.1.4 NOTE
r-oldrel-windows-ix86+x86_64 0.1.4 6.00 6.00 12.00 ERROR

Check Details

Version: 0.1.4
Check: LazyData
Result: NOTE
     'LazyData' is specified without a 'data' directory
Flavors: r-devel-linux-x86_64-debian-clang, r-devel-linux-x86_64-debian-gcc, r-devel-linux-x86_64-fedora-clang, r-devel-linux-x86_64-fedora-gcc, r-devel-windows-ix86+x86_64, r-devel-windows-x86_64-gcc10-UCRT, r-patched-linux-x86_64

Version: 0.1.4
Check: dependencies in R code
Result: NOTE
    Namespace in Imports field not imported from: ‘base’
     All declared Imports should be used.
Flavors: r-devel-linux-x86_64-fedora-clang, r-devel-linux-x86_64-fedora-gcc, r-devel-windows-x86_64-gcc10-UCRT, r-patched-solaris-x86, r-release-macos-x86_64, r-oldrel-macos-x86_64

Version: 0.1.4
Check: whether package can be installed
Result: ERROR
    Installation failed.
    See for details.
    *
Flavor: r-oldrel-windows-ix86+x86_64